{"id":908,"date":"2019-03-19T14:58:42","date_gmt":"2019-03-19T13:58:42","guid":{"rendered":"http:\/\/www.lyceelafayette.fr\/?page_id=908"},"modified":"2021-04-08T09:24:34","modified_gmt":"2021-04-08T07:24:34","slug":"bts-cprp","status":"publish","type":"page","link":"https:\/\/www.lyceelafayette.fr\/index.php\/bts-cprp\/","title":{"rendered":"BTS CPRP (Conception des Processus de R\u00e9alisation de Produits). Option A"},"content":{"rendered":"\n<h2><span style=\"color: #d90f0f;\">Option A &#8211; Production Unitaire<\/span><\/h2>\n<div><\/div>\n<div><\/div>\n<div><\/div>\n<div class=\"cartouche\">\n<div class=\"surlignable\">\n<p class=\"ideo-title-block\">Le BTS CPRP est un dipl\u00f4me d&rsquo;Etat de niveau 5 (anciennement III) obtenu \u00e0 l&rsquo;issue d&rsquo;une formation bac + 2.\u00a0 Il est accessible pour les titulaires d&rsquo;un <a href=\"https:\/\/www.lyceelafayette.fr\/index.php\/formations\/sti2d\/\">baccalaur\u00e9at technologique (STI2D)<\/a>, d&rsquo;un bac g\u00e9n\u00e9ral \u00e0 orientation scientifique ou d&rsquo;un baccalaur\u00e9at professionnel de la famille de m\u00e9tiers de la r\u00e9alisation d&rsquo;ensembles m\u00e9caniques et industriels (voir <a href=\"https:\/\/www.lyceelafayette.fr\/index.php\/formations\/productique\/la-seconde-famille-des-metiers-de-la-realisation-de-produits-mecaniques\/bac-pro-tu\/\">Bac Pro RSP<\/a> &#8211; Anciennement Technicien d&rsquo;usinage TU \/ <a href=\"https:\/\/www.lyceelafayette.fr\/index.php\/bac-pro-to\/\">Bac Pro RMO<\/a> &#8211; Anciennement Technicien Outilleur TO au lyc\u00e9e La Fayette).<\/p>\n<strong>L&rsquo;option A &#8211; Production Unitaire<\/strong> :\nCette option permet de dipl\u00f4mer des sp\u00e9cialistes capables de concevoir et d&rsquo;organiser la fabrication d&rsquo;outillages sp\u00e9cifiques n\u00e9cessaires pour une production particuli\u00e8re et pr\u00e9cise.\n\nL&rsquo;objectif d&rsquo;un sp\u00e9cialiste de la Production Unitaire est de maitriser la qualit\u00e9, le prix et le processus de r\u00e9alisation d&rsquo;un produit fini.\n\nIl maitrise des \u00e9tapes de prototypages, des m\u00e9thodes et proc\u00e9d\u00e9s de transformation de la mati\u00e8re comme l&rsquo;usinage, la fabrication additive (impression 3D),\u00a0 et les op\u00e9rations de contr\u00f4le de qualit\u00e9 et de conformit\u00e9.\n\n\n\t\t<style type=\"text\/css\">\n\t\t\t#gallery-1 {\n\t\t\t\tmargin: auto;\n\t\t\t}\n\t\t\t#gallery-1 .gallery-item {\n\t\t\t\tfloat: left;\n\t\t\t\tmargin-top: 10px;\n\t\t\t\ttext-align: center;\n\t\t\t\twidth: 33%;\n\t\t\t}\n\t\t\t#gallery-1 img {\n\t\t\t\tborder: 2px solid #cfcfcf;\n\t\t\t}\n\t\t\t#gallery-1 .gallery-caption {\n\t\t\t\tmargin-left: 0;\n\t\t\t}\n\t\t\t\/* see gallery_shortcode() in wp-includes\/media.php *\/\n\t\t<\/style>\n\t\t<div id='gallery-1' class='gallery galleryid-908 gallery-columns-3 gallery-size-medium'><dl class='gallery-item'>\n\t\t\t<dt class='gallery-icon landscape'>\n\t\t\t\t<a href='https:\/\/www.lyceelafayette.fr\/wp-content\/uploads\/2020\/12\/img17.jpg'><img loading=\"lazy\" decoding=\"async\" width=\"300\" height=\"167\" src=\"https:\/\/www.lyceelafayette.fr\/wp-content\/uploads\/2020\/12\/img17-300x167.jpg\" class=\"attachment-medium size-medium\" alt=\"\" srcset=\"https:\/\/www.lyceelafayette.fr\/wp-content\/uploads\/2020\/12\/img17-300x167.jpg 300w, https:\/\/www.lyceelafayette.fr\/wp-content\/uploads\/2020\/12\/img17-768x427.jpg 768w, https:\/\/www.lyceelafayette.fr\/wp-content\/uploads\/2020\/12\/img17-150x83.jpg 150w, https:\/\/www.lyceelafayette.fr\/wp-content\/uploads\/2020\/12\/img17.jpg 900w\" sizes=\"auto, (max-width: 300px) 100vw, 300px\" \/><\/a>\n\t\t\t<\/dt><\/dl><dl class='gallery-item'>\n\t\t\t<dt class='gallery-icon landscape'>\n\t\t\t\t<a href='https:\/\/www.lyceelafayette.fr\/wp-content\/uploads\/2020\/12\/img7.jpg'><img loading=\"lazy\" decoding=\"async\" width=\"300\" height=\"167\" src=\"https:\/\/www.lyceelafayette.fr\/wp-content\/uploads\/2020\/12\/img7-300x167.jpg\" class=\"attachment-medium size-medium\" alt=\"\" srcset=\"https:\/\/www.lyceelafayette.fr\/wp-content\/uploads\/2020\/12\/img7-300x167.jpg 300w, https:\/\/www.lyceelafayette.fr\/wp-content\/uploads\/2020\/12\/img7-768x427.jpg 768w, https:\/\/www.lyceelafayette.fr\/wp-content\/uploads\/2020\/12\/img7-150x83.jpg 150w, https:\/\/www.lyceelafayette.fr\/wp-content\/uploads\/2020\/12\/img7.jpg 900w\" sizes=\"auto, (max-width: 300px) 100vw, 300px\" \/><\/a>\n\t\t\t<\/dt><\/dl><dl class='gallery-item'>\n\t\t\t<dt class='gallery-icon landscape'>\n\t\t\t\t<a href='https:\/\/www.lyceelafayette.fr\/wp-content\/uploads\/2020\/12\/20201214_115459-scaled-e1610635415910.jpg'><img loading=\"lazy\" decoding=\"async\" width=\"300\" height=\"169\" src=\"https:\/\/www.lyceelafayette.fr\/wp-content\/uploads\/2020\/12\/20201214_115459-scaled-e1608049044215-300x169.jpg\" class=\"attachment-medium size-medium\" alt=\"\" srcset=\"https:\/\/www.lyceelafayette.fr\/wp-content\/uploads\/2020\/12\/20201214_115459-scaled-e1608049044215-300x169.jpg 300w, https:\/\/www.lyceelafayette.fr\/wp-content\/uploads\/2020\/12\/20201214_115459-scaled-e1608049044215-1024x576.jpg 1024w, https:\/\/www.lyceelafayette.fr\/wp-content\/uploads\/2020\/12\/20201214_115459-scaled-e1608049044215-768x432.jpg 768w, https:\/\/www.lyceelafayette.fr\/wp-content\/uploads\/2020\/12\/20201214_115459-scaled-e1608049044215-1536x864.jpg 1536w, https:\/\/www.lyceelafayette.fr\/wp-content\/uploads\/2020\/12\/20201214_115459-scaled-e1608049044215-2048x1152.jpg 2048w, https:\/\/www.lyceelafayette.fr\/wp-content\/uploads\/2020\/12\/20201214_115459-scaled-e1608049044215-150x84.jpg 150w, https:\/\/www.lyceelafayette.fr\/wp-content\/uploads\/2020\/12\/20201214_115459-scaled-e1608049044215-356x200.jpg 356w\" sizes=\"auto, (max-width: 300px) 100vw, 300px\" \/><\/a>\n\t\t\t<\/dt><\/dl><br style=\"clear: both\" \/>\n\t\t<\/div>\n\n<h2>Les modalit\u00e9s de la formation<\/h2>\nLe BTS se d\u00e9roule sur deux ans. Le programme est compos\u00e9 d&rsquo;enseignements g\u00e9n\u00e9raux et techniques. Afin de d\u00e9couvrir et comprendre les r\u00e9alit\u00e9s industrielles, l&rsquo;\u00e9tudiant r\u00e9alise <strong>8 semaines de stage<\/strong> (r\u00e9parties sur 2 p\u00e9riodes) en entreprise la premi\u00e8re ann\u00e9e de son BTS.\n\n<\/div>\n<\/div>\n<table style=\"border-collapse: collapse; width: 100%;\">\n<tbody>\n<tr>\n<td style=\"width: 100%;\"><\/td>\n<\/tr>\n<\/tbody>\n<\/table>\n<p class=\"has-text-align-center\"><strong>QUELQUES \u00c9L\u00c9MENTS DE R\u00c9ALISATION ET TRAVAUX DES \u00c9TUDIANTS DE BTS CPRP Option A : Production unitaire<\/strong><\/p>\n<!-- \/wp:paragraph -->\n\n<!-- wp:paragraph -->\n\nExemple 1 : Conception d&rsquo;un \u00ab\u00a0moule\u00a0\u00bb pour m\u00e9diator de guitare :\u00a0 <a href=\"https:\/\/www.lyceelafayette.fr\/wp-content\/uploads\/2021\/02\/CREATION-MEDIATOR.pdf\"><em><strong>CREATION MEDIATOR<\/strong><\/em><\/a>\n<p style=\"text-align: left;\">Exemple 2 : Pr\u00e9sentation, de la demande \u00e0 la r\u00e9alisation, d&rsquo;un poin\u00e7on m\u00e9tallique con\u00e7u pour la fabrication en s\u00e9rie de pigeons d&rsquo;argile pour le tir.<\/p>\n<!-- \/wp:paragraph -->\n\n<!-- wp:video {\"id\":3349} -->\n<figure class=\"wp-block-video\"><video src=\"https:\/\/www.lyceelafayette.fr\/wp-content\/uploads\/2021\/01\/Dossier-fabrication-moule-pour-pigeon-dargile.mp4\" controls=\"controls\" width=\"439\" height=\"391\" data-mce-fragment=\"1\"><\/video><\/figure>\n<!-- \/wp:video -->\n<div class=\"cartouche\">\n<div class=\"surlignable\">\n\n<span style=\"text-decoration: underline;\"><strong>Programme de la formation technique :<\/strong><\/span>\n<ul>\n \t<li>Conception d\u2019un montage d\u2019usinage sur logiciel de CAO<\/li>\n \t<li>M\u00e9canique appliqu\u00e9e : calcul des efforts engendr\u00e9s lors de l\u2019usinage<\/li>\n \t<li>\u00c9tudes des proc\u00e9d\u00e9s d\u2019usinage<\/li>\n \t<li>\u00c9tudes des proc\u00e9d\u00e9s en relation avec l\u2019usinage : forgeage, moulage, traitement thermique, chaudronnerie, etc.<\/li>\n \t<li>Gestion de production : planification de production, gestion des stocks<\/li>\n \t<li>Cr\u00e9ation d\u2019un devis de pi\u00e8ces \u00e0 l\u2019aide d&rsquo;un logiciel<\/li>\n \t<li>\u00c9laboration de parcours d\u2019outils sur logiciel de FAO<\/li>\n \t<li>M\u00e9trologie : \u00e9tude SPC (Statistique Process Contr\u00f4le), mise en \u0153uvre de MMT (machine \u00e0 mesurer tridimensionnelle)<\/li>\n<\/ul>\n<span style=\"text-decoration: underline;\"><b style=\"text-decoration-line: underline;\">Programme des th\u00e8mes mis en <\/b><b><u>\u0153uvre<\/u><\/b><b style=\"text-decoration-line: underline;\"> en atelier :<\/b><\/span>\n<ul>\n \t<li>Mise en \u0153uvre de machines outils \u00e0 commande num\u00e9rique<\/li>\n \t<li>R\u00e9alisation et travail en mode projet<\/li>\n \t<li>Fabrication additive et prototypage<\/li>\n<\/ul>\n<span style=\"text-decoration: underline;\"><strong>Programme de la formation g\u00e9n\u00e9rale :<\/strong><\/span>\n<ul>\n \t<li>Math\u00e9matiques<\/li>\n \t<li>Culture g\u00e9n\u00e9rale et expression<\/li>\n \t<li>Anglais<\/li>\n \t<li>Sciences physiques appliqu\u00e9es<\/li>\n \t<li>\u00c9conomie \/ Gestion de l&rsquo;entreprise<\/li>\n<\/ul>\n<h2>Les d\u00e9bouch\u00e9s professionnels<\/h2>\n<\/div>\nLe titulaire d&rsquo;un brevet de technicien sup\u00e9rieur CPRP s\u2019ins\u00e8re dans des entreprises de taille variable, tr\u00e8s petites entreprises (TPE), petites et moyennes entreprises (PME) et grandes entreprises. Les principaux secteurs d\u2019activit\u00e9s \u00e9conomiques concern\u00e9s sont :\n\n&#8211; l\u2019a\u00e9ronautique\n&#8211; le ferroviaire\n&#8211; l\u2019automobile\n&#8211; le b\u00e2timent\n&#8211; l\u2019\u00e9nergie\n&#8211; le m\u00e9dical\n&#8211; \u2026\n<div class=\"surlignable\">\n<h2 class=\"ideo-title-block\">Les admissions<\/h2>\n<div class=\"ezxmltext-field\">\n\nLe BTS CPRP est accessible \u00e0 tout titulaire d&rsquo;un baccalaur\u00e9at : professionnel, technologique ou g\u00e9n\u00e9ral.\n\nLes admissions se font exclusivement par ParcoursSup.\n\nVoici quelques liens pour en savoir + sur l&rsquo;admission en BTS via\u00a0 <strong>ParcoursSup<\/strong>\n<ul style=\"list-style-type: square;\">\n \t<li><a href=\"https:\/\/www.onisep.fr\/Choisir-mes-etudes\/Apres-le-bac\/Organisation-des-etudes-superieures\/Les-BTS\/L-admission-en-BTS\" target=\"_blank\" rel=\"noopener\">Onisep<\/a><\/li>\n \t<li><a href=\"https:\/\/www.parcoursup.fr\/index.php?desc=calendrier\" target=\"_blank\" rel=\"noopener\">ParcoursSup 2021<\/a><\/li>\n \t<li><a href=\"https:\/\/www.letudiant.fr\/etudes\/parcoursup\/parcoursup-les-attendus-pour-integrer-un-bts.html\" target=\"_blank\" rel=\"noopener\">L&rsquo;etudiant<\/a><\/li>\n \t<li><a href=\"https:\/\/www.studyrama.com\/parcoursup\/le-calendrier-de-la-procedure-parcoursup-2021-devoile-107306\" target=\"_blank\" rel=\"noopener\">Studyrama<\/a><\/li>\n<\/ul>\n<span style=\"color: inherit; font-size: 2.44em; font-weight: 600;\">R\u00e9f\u00e9rentiel du BTS CPRP<\/span>\n\n<\/div>\n<\/div>\n<\/div>\n<div class=\"surlignable\">\n<div class=\"texte entry-content\">\n\nPour en savoir +\u00a0 sur le contenu et les \u00e9preuves du dipl\u00f4me : <a class=\"spip_url spip_out\" href=\"https:\/\/eduscol.education.fr\/sti\/sites\/eduscol.education.fr.sti\/files\/BTS_CPRP_-_Referentiel.pdf\" target=\"_blank\" rel=\"external nofollow noopener noreferrer\">cliquez ici<\/a>\n\n<\/div>\n<\/div>\n<!-- wp:paragraph -->\n\n<!-- \/wp:paragraph -->\n\n<!-- wp:paragraph -->\n\n<!-- \/wp:paragraph -->\n\n<!-- wp:paragraph -->\n\n<!-- \/wp:paragraph -->\n\n<!-- wp:paragraph {\"align\":\"center\"} -->\n\n<!-- wp:video -->\n<figure class=\"wp-block-video\"><\/figure>\n<!-- \/wp:video -->","protected":false},"excerpt":{"rendered":"<p>Option A &#8211; Production Unitaire Le BTS CPRP est un dipl\u00f4me d&rsquo;Etat de niveau 5 (anciennement III) obtenu \u00e0 l&rsquo;issue d&rsquo;une formation bac + 2.\u00a0 Il est accessible pour les titulaires d&rsquo;un baccalaur\u00e9at technologique (STI2D), d&rsquo;un bac g\u00e9n\u00e9ral \u00e0 orientation scientifique ou d&rsquo;un baccalaur\u00e9at professionnel de la famille de m\u00e9tiers&#8230; <a class=\"continue-reading-link\" href=\"https:\/\/www.lyceelafayette.fr\/index.php\/bts-cprp\/\">lire la suite<\/a><\/p>\n","protected":false},"author":1,"featured_media":2727,"parent":0,"menu_order":0,"comment_status":"closed","ping_status":"closed","template":"","meta":{"footnotes":""},"class_list":["post-908","page","type-page","status-publish","has-post-thumbnail","hentry"],"yoast_head":"<!-- This site is optimized with the Yoast SEO plugin v27.5 - https:\/\/yoast.com\/product\/yoast-seo-wordpress\/ -->\n<title>BTS CPRP (Conception des Processus de R\u00e9alisation de Produits). Option A - Lyc\u00e9e La Fayette<\/title>\n<meta name=\"robots\" content=\"index, follow, max-snippet:-1, max-image-preview:large, max-video-preview:-1\" \/>\n<link rel=\"canonical\" href=\"https:\/\/www.lyceelafayette.fr\/index.php\/bts-cprp\/\" \/>\n<meta property=\"og:locale\" content=\"fr_FR\" \/>\n<meta property=\"og:type\" content=\"article\" \/>\n<meta property=\"og:title\" content=\"BTS CPRP (Conception des Processus de R\u00e9alisation de Produits). Option A - Lyc\u00e9e La Fayette\" \/>\n<meta property=\"og:description\" content=\"Option A &#8211; Production Unitaire Le BTS CPRP est un dipl\u00f4me d&rsquo;Etat de niveau 5 (anciennement III) obtenu \u00e0 l&rsquo;issue d&rsquo;une formation bac + 2.\u00a0 Il est accessible pour les titulaires d&rsquo;un baccalaur\u00e9at technologique (STI2D), d&rsquo;un bac g\u00e9n\u00e9ral \u00e0 orientation scientifique ou d&rsquo;un baccalaur\u00e9at professionnel de la famille de m\u00e9tiers... lire la suite\" \/>\n<meta property=\"og:url\" content=\"https:\/\/www.lyceelafayette.fr\/index.php\/bts-cprp\/\" \/>\n<meta property=\"og:site_name\" content=\"Lyc\u00e9e La Fayette\" \/>\n<meta property=\"article:modified_time\" content=\"2021-04-08T07:24:34+00:00\" \/>\n<meta property=\"og:image\" content=\"https:\/\/www.lyceelafayette.fr\/wp-content\/uploads\/2020\/12\/20201210_150828-scaled-e1610640863737.jpg\" \/>\n\t<meta property=\"og:image:width\" content=\"1024\" \/>\n\t<meta property=\"og:image:height\" content=\"576\" \/>\n\t<meta property=\"og:image:type\" content=\"image\/jpeg\" \/>\n<meta name=\"twitter:card\" content=\"summary_large_image\" \/>\n<meta name=\"twitter:label1\" content=\"Dur\u00e9e de lecture estim\u00e9e\" \/>\n\t<meta name=\"twitter:data1\" content=\"3 minutes\" \/>\n<script type=\"application\/ld+json\" class=\"yoast-schema-graph\">{\"@context\":\"https:\\\/\\\/schema.org\",\"@graph\":[{\"@type\":\"WebPage\",\"@id\":\"https:\\\/\\\/www.lyceelafayette.fr\\\/index.php\\\/bts-cprp\\\/\",\"url\":\"https:\\\/\\\/www.lyceelafayette.fr\\\/index.php\\\/bts-cprp\\\/\",\"name\":\"BTS CPRP (Conception des Processus de R\u00e9alisation de Produits). Option A - Lyc\u00e9e La Fayette\",\"isPartOf\":{\"@id\":\"https:\\\/\\\/www.lyceelafayette.fr\\\/#website\"},\"primaryImageOfPage\":{\"@id\":\"https:\\\/\\\/www.lyceelafayette.fr\\\/index.php\\\/bts-cprp\\\/#primaryimage\"},\"image\":{\"@id\":\"https:\\\/\\\/www.lyceelafayette.fr\\\/index.php\\\/bts-cprp\\\/#primaryimage\"},\"thumbnailUrl\":\"https:\\\/\\\/www.lyceelafayette.fr\\\/wp-content\\\/uploads\\\/2020\\\/12\\\/20201210_150828-scaled-e1610640863737.jpg\",\"datePublished\":\"2019-03-19T13:58:42+00:00\",\"dateModified\":\"2021-04-08T07:24:34+00:00\",\"breadcrumb\":{\"@id\":\"https:\\\/\\\/www.lyceelafayette.fr\\\/index.php\\\/bts-cprp\\\/#breadcrumb\"},\"inLanguage\":\"fr-FR\",\"potentialAction\":[{\"@type\":\"ReadAction\",\"target\":[\"https:\\\/\\\/www.lyceelafayette.fr\\\/index.php\\\/bts-cprp\\\/\"]}]},{\"@type\":\"ImageObject\",\"inLanguage\":\"fr-FR\",\"@id\":\"https:\\\/\\\/www.lyceelafayette.fr\\\/index.php\\\/bts-cprp\\\/#primaryimage\",\"url\":\"https:\\\/\\\/www.lyceelafayette.fr\\\/wp-content\\\/uploads\\\/2020\\\/12\\\/20201210_150828-scaled-e1610640863737.jpg\",\"contentUrl\":\"https:\\\/\\\/www.lyceelafayette.fr\\\/wp-content\\\/uploads\\\/2020\\\/12\\\/20201210_150828-scaled-e1610640863737.jpg\",\"width\":1024,\"height\":576},{\"@type\":\"BreadcrumbList\",\"@id\":\"https:\\\/\\\/www.lyceelafayette.fr\\\/index.php\\\/bts-cprp\\\/#breadcrumb\",\"itemListElement\":[{\"@type\":\"ListItem\",\"position\":1,\"name\":\"Accueil\",\"item\":\"https:\\\/\\\/www.lyceelafayette.fr\\\/\"},{\"@type\":\"ListItem\",\"position\":2,\"name\":\"BTS CPRP (Conception des Processus de R\u00e9alisation de Produits). Option A\"}]},{\"@type\":\"WebSite\",\"@id\":\"https:\\\/\\\/www.lyceelafayette.fr\\\/#website\",\"url\":\"https:\\\/\\\/www.lyceelafayette.fr\\\/\",\"name\":\"Lyc\u00e9e La Fayette\",\"description\":\"\",\"publisher\":{\"@id\":\"https:\\\/\\\/www.lyceelafayette.fr\\\/#organization\"},\"potentialAction\":[{\"@type\":\"SearchAction\",\"target\":{\"@type\":\"EntryPoint\",\"urlTemplate\":\"https:\\\/\\\/www.lyceelafayette.fr\\\/?s={search_term_string}\"},\"query-input\":{\"@type\":\"PropertyValueSpecification\",\"valueRequired\":true,\"valueName\":\"search_term_string\"}}],\"inLanguage\":\"fr-FR\"},{\"@type\":\"Organization\",\"@id\":\"https:\\\/\\\/www.lyceelafayette.fr\\\/#organization\",\"name\":\"Lyc\u00e9e La Fayette\",\"url\":\"https:\\\/\\\/www.lyceelafayette.fr\\\/\",\"logo\":{\"@type\":\"ImageObject\",\"inLanguage\":\"fr-FR\",\"@id\":\"https:\\\/\\\/www.lyceelafayette.fr\\\/#\\\/schema\\\/logo\\\/image\\\/\",\"url\":\"https:\\\/\\\/www.lyceelafayette.fr\\\/wp-content\\\/uploads\\\/2019\\\/06\\\/llf_logo_alpha.png\",\"contentUrl\":\"https:\\\/\\\/www.lyceelafayette.fr\\\/wp-content\\\/uploads\\\/2019\\\/06\\\/llf_logo_alpha.png\",\"width\":1583,\"height\":792,\"caption\":\"Lyc\u00e9e La Fayette\"},\"image\":{\"@id\":\"https:\\\/\\\/www.lyceelafayette.fr\\\/#\\\/schema\\\/logo\\\/image\\\/\"},\"sameAs\":[\"https:\\\/\\\/www.youtube.com\\\/channel\\\/UC2AOQowoMGBKdY4ToZsf9mw\"]}]}<\/script>\n<!-- \/ Yoast SEO plugin. -->","yoast_head_json":{"title":"BTS CPRP (Conception des Processus de R\u00e9alisation de Produits). Option A - Lyc\u00e9e La Fayette","robots":{"index":"index","follow":"follow","max-snippet":"max-snippet:-1","max-image-preview":"max-image-preview:large","max-video-preview":"max-video-preview:-1"},"canonical":"https:\/\/www.lyceelafayette.fr\/index.php\/bts-cprp\/","og_locale":"fr_FR","og_type":"article","og_title":"BTS CPRP (Conception des Processus de R\u00e9alisation de Produits). Option A - Lyc\u00e9e La Fayette","og_description":"Option A &#8211; Production Unitaire Le BTS CPRP est un dipl\u00f4me d&rsquo;Etat de niveau 5 (anciennement III) obtenu \u00e0 l&rsquo;issue d&rsquo;une formation bac + 2.\u00a0 Il est accessible pour les titulaires d&rsquo;un baccalaur\u00e9at technologique (STI2D), d&rsquo;un bac g\u00e9n\u00e9ral \u00e0 orientation scientifique ou d&rsquo;un baccalaur\u00e9at professionnel de la famille de m\u00e9tiers... lire la suite","og_url":"https:\/\/www.lyceelafayette.fr\/index.php\/bts-cprp\/","og_site_name":"Lyc\u00e9e La Fayette","article_modified_time":"2021-04-08T07:24:34+00:00","og_image":[{"width":1024,"height":576,"url":"https:\/\/www.lyceelafayette.fr\/wp-content\/uploads\/2020\/12\/20201210_150828-scaled-e1610640863737.jpg","type":"image\/jpeg"}],"twitter_card":"summary_large_image","twitter_misc":{"Dur\u00e9e de lecture estim\u00e9e":"3 minutes"},"schema":{"@context":"https:\/\/schema.org","@graph":[{"@type":"WebPage","@id":"https:\/\/www.lyceelafayette.fr\/index.php\/bts-cprp\/","url":"https:\/\/www.lyceelafayette.fr\/index.php\/bts-cprp\/","name":"BTS CPRP (Conception des Processus de R\u00e9alisation de Produits). Option A - Lyc\u00e9e La Fayette","isPartOf":{"@id":"https:\/\/www.lyceelafayette.fr\/#website"},"primaryImageOfPage":{"@id":"https:\/\/www.lyceelafayette.fr\/index.php\/bts-cprp\/#primaryimage"},"image":{"@id":"https:\/\/www.lyceelafayette.fr\/index.php\/bts-cprp\/#primaryimage"},"thumbnailUrl":"https:\/\/www.lyceelafayette.fr\/wp-content\/uploads\/2020\/12\/20201210_150828-scaled-e1610640863737.jpg","datePublished":"2019-03-19T13:58:42+00:00","dateModified":"2021-04-08T07:24:34+00:00","breadcrumb":{"@id":"https:\/\/www.lyceelafayette.fr\/index.php\/bts-cprp\/#breadcrumb"},"inLanguage":"fr-FR","potentialAction":[{"@type":"ReadAction","target":["https:\/\/www.lyceelafayette.fr\/index.php\/bts-cprp\/"]}]},{"@type":"ImageObject","inLanguage":"fr-FR","@id":"https:\/\/www.lyceelafayette.fr\/index.php\/bts-cprp\/#primaryimage","url":"https:\/\/www.lyceelafayette.fr\/wp-content\/uploads\/2020\/12\/20201210_150828-scaled-e1610640863737.jpg","contentUrl":"https:\/\/www.lyceelafayette.fr\/wp-content\/uploads\/2020\/12\/20201210_150828-scaled-e1610640863737.jpg","width":1024,"height":576},{"@type":"BreadcrumbList","@id":"https:\/\/www.lyceelafayette.fr\/index.php\/bts-cprp\/#breadcrumb","itemListElement":[{"@type":"ListItem","position":1,"name":"Accueil","item":"https:\/\/www.lyceelafayette.fr\/"},{"@type":"ListItem","position":2,"name":"BTS CPRP (Conception des Processus de R\u00e9alisation de Produits). Option A"}]},{"@type":"WebSite","@id":"https:\/\/www.lyceelafayette.fr\/#website","url":"https:\/\/www.lyceelafayette.fr\/","name":"Lyc\u00e9e La Fayette","description":"","publisher":{"@id":"https:\/\/www.lyceelafayette.fr\/#organization"},"potentialAction":[{"@type":"SearchAction","target":{"@type":"EntryPoint","urlTemplate":"https:\/\/www.lyceelafayette.fr\/?s={search_term_string}"},"query-input":{"@type":"PropertyValueSpecification","valueRequired":true,"valueName":"search_term_string"}}],"inLanguage":"fr-FR"},{"@type":"Organization","@id":"https:\/\/www.lyceelafayette.fr\/#organization","name":"Lyc\u00e9e La Fayette","url":"https:\/\/www.lyceelafayette.fr\/","logo":{"@type":"ImageObject","inLanguage":"fr-FR","@id":"https:\/\/www.lyceelafayette.fr\/#\/schema\/logo\/image\/","url":"https:\/\/www.lyceelafayette.fr\/wp-content\/uploads\/2019\/06\/llf_logo_alpha.png","contentUrl":"https:\/\/www.lyceelafayette.fr\/wp-content\/uploads\/2019\/06\/llf_logo_alpha.png","width":1583,"height":792,"caption":"Lyc\u00e9e La Fayette"},"image":{"@id":"https:\/\/www.lyceelafayette.fr\/#\/schema\/logo\/image\/"},"sameAs":["https:\/\/www.youtube.com\/channel\/UC2AOQowoMGBKdY4ToZsf9mw"]}]}},"_links":{"self":[{"href":"https:\/\/www.lyceelafayette.fr\/index.php\/wp-json\/wp\/v2\/pages\/908","targetHints":{"allow":["GET"]}}],"collection":[{"href":"https:\/\/www.lyceelafayette.fr\/index.php\/wp-json\/wp\/v2\/pages"}],"about":[{"href":"https:\/\/www.lyceelafayette.fr\/index.php\/wp-json\/wp\/v2\/types\/page"}],"author":[{"embeddable":true,"href":"https:\/\/www.lyceelafayette.fr\/index.php\/wp-json\/wp\/v2\/users\/1"}],"replies":[{"embeddable":true,"href":"https:\/\/www.lyceelafayette.fr\/index.php\/wp-json\/wp\/v2\/comments?post=908"}],"version-history":[{"count":75,"href":"https:\/\/www.lyceelafayette.fr\/index.php\/wp-json\/wp\/v2\/pages\/908\/revisions"}],"predecessor-version":[{"id":4752,"href":"https:\/\/www.lyceelafayette.fr\/index.php\/wp-json\/wp\/v2\/pages\/908\/revisions\/4752"}],"wp:featuredmedia":[{"embeddable":true,"href":"https:\/\/www.lyceelafayette.fr\/index.php\/wp-json\/wp\/v2\/media\/2727"}],"wp:attachment":[{"href":"https:\/\/www.lyceelafayette.fr\/index.php\/wp-json\/wp\/v2\/media?parent=908"}],"curies":[{"name":"wp","href":"https:\/\/api.w.org\/{rel}","templated":true}]}}