{"id":874,"date":"2019-03-19T14:18:45","date_gmt":"2019-03-19T13:18:45","guid":{"rendered":"http:\/\/www.lyceelafayette.fr\/?page_id=874"},"modified":"2021-03-03T18:30:03","modified_gmt":"2021-03-03T17:30:03","slug":"bac-pro-commerce","status":"publish","type":"page","link":"https:\/\/www.lyceelafayette.fr\/index.php\/bac-pro-commerce\/","title":{"rendered":"BAC PRO MCV M\u00e9tier du Commerce et de la Vente"},"content":{"rendered":"\n<p>Le titulaire du baccalaur\u00e9at professionnel \u00ab M\u00e9tiers du commerce et de la vente \u00bb s\u2019inscrit dans une d\u00e9marche commerciale active.<br><span style=\"text-decoration: underline;\">Son activit\u00e9 consiste \u00e0 :<\/span><br>&#8211; accueillir, conseiller et vendre des produits et des services associ\u00e9s,<br>&#8211; contribuer au suivi des ventes,<br>&#8211; participer \u00e0 la fid\u00e9lisation de la client\u00e8le et au d\u00e9veloppement de la relation client.<br><span style=\"text-decoration: underline;\">Selon les situations, il pourra aussi :<\/span><br>&#8211; prospecter des clients potentiels,<br>&#8211; participer \u00e0 l\u2019animation et \u00e0 la gestion d\u2019une unit\u00e9 commerciale.<\/p>\n\n\n\n<div class=\"wp-block-image\"><figure class=\"aligncenter size-large\"><img loading=\"lazy\" decoding=\"async\" width=\"1024\" height=\"724\" src=\"https:\/\/www.lyceelafayette.fr\/wp-content\/uploads\/2021\/02\/flyers-commerce-site-1024x724.jpg\" alt=\"\" class=\"wp-image-3660\" srcset=\"https:\/\/www.lyceelafayette.fr\/wp-content\/uploads\/2021\/02\/flyers-commerce-site-1024x724.jpg 1024w, https:\/\/www.lyceelafayette.fr\/wp-content\/uploads\/2021\/02\/flyers-commerce-site-300x212.jpg 300w, https:\/\/www.lyceelafayette.fr\/wp-content\/uploads\/2021\/02\/flyers-commerce-site-768x543.jpg 768w, https:\/\/www.lyceelafayette.fr\/wp-content\/uploads\/2021\/02\/flyers-commerce-site-150x106.jpg 150w, https:\/\/www.lyceelafayette.fr\/wp-content\/uploads\/2021\/02\/flyers-commerce-site.jpg 1169w\" sizes=\"auto, (max-width: 1024px) 100vw, 1024px\" \/><figcaption style=\"font-size:10px;text-align:center;\"><em>Brochure en pdf : <a href=\"https:\/\/www.lyceelafayette.fr\/wp-content\/uploads\/2021\/02\/filiere-commerce.pdf\"><span style=\"text-decoration: underline;\">Cliquez ici<\/span><\/a><\/em><\/figcaption><\/figure><\/div>\n\n\n\n<p>Le titulaire du baccalaur\u00e9at professionnel \u00ab M\u00e9tiers du commerce et de la vente \u00bb, quand il est salari\u00e9, exerce ses activit\u00e9s dans tous les types d\u2019organisation \u00e0 finalit\u00e9 commerciale, ou disposant d\u2019un service commercial ou d\u2019une direction relation client.<br>Ces organisations s\u2019adressent aussi bien \u00e0 une client\u00e8le de particuliers (grand public) qu&rsquo;\u00e0 des utilisateurs et des prescripteurs professionnels (entreprises, administrations, professions lib\u00e9rales, artisans, distributeurs\u2026).<\/p>\n\n\n\n<p>Le bachelier exerce son activit\u00e9 agit tant en face-\u00e0-face qu\u2019\u00e0 distance.<\/p>\n\n\n\n<p>Les appellations les plus courantes qu\u2019il peut \u00eatre amen\u00e9 \u00e0 exercer sont les suivantes :<br>&#8211; vendeur-conseil,<br>&#8211; conseiller de vente,<br>&#8211; conseiller commercial,<br>&#8211; assistant commercial,<br>&#8211; t\u00e9l\u00e9-conseiller,<br>&#8211; assistant administration des ventes,<br>&#8211; charg\u00e9 de client\u00e8le.<br>&#8211; employ\u00e9 commercial,<br>&#8211; vendeur qualifi\u00e9,<br>&#8211; vendeur sp\u00e9cialiste.<\/p>\n\n\n\n<p><em>D\u00e9couvrez le magasin du lyc\u00e9e LA FAYETTE<\/em><\/p>\n\n\n\n<figure class=\"wp-block-image size-large\"><img loading=\"lazy\" decoding=\"async\" width=\"1024\" height=\"576\" src=\"https:\/\/www.lyceelafayette.fr\/wp-content\/uploads\/2021\/03\/Diapositive1-1024x576.jpg\" alt=\"\" class=\"wp-image-4531\" srcset=\"https:\/\/www.lyceelafayette.fr\/wp-content\/uploads\/2021\/03\/Diapositive1-1024x576.jpg 1024w, https:\/\/www.lyceelafayette.fr\/wp-content\/uploads\/2021\/03\/Diapositive1-300x169.jpg 300w, https:\/\/www.lyceelafayette.fr\/wp-content\/uploads\/2021\/03\/Diapositive1-768x432.jpg 768w, https:\/\/www.lyceelafayette.fr\/wp-content\/uploads\/2021\/03\/Diapositive1-150x84.jpg 150w, https:\/\/www.lyceelafayette.fr\/wp-content\/uploads\/2021\/03\/Diapositive1-356x200.jpg 356w, https:\/\/www.lyceelafayette.fr\/wp-content\/uploads\/2021\/03\/Diapositive1.jpg 1280w\" sizes=\"auto, (max-width: 1024px) 100vw, 1024px\" \/><\/figure>\n\n\n\n<h3 class=\"wp-block-heading\"><span style=\"text-decoration: underline;\">Conditions d\u2019admission<\/span><\/h3>\n\n\n\n<p>Depuis septembre 2019, les \u00e9l\u00e8ves issus d\u2019une classe de 3e peuvent acc\u00e9der \u00e0 ce bac pro en int\u00e9grant la <span style=\"text-decoration: underline;\">seconde famille de <strong><em>\u00ab\u00a0m\u00e9tier de la relation client\u00a0\u00bb<\/em><\/strong><\/span>. <\/p>\n\n\n\n<p>Comme tout bac professionnel les \u00e9l\u00e8ves doivent r\u00e9aliser 22 semaines en entreprise (6 semaines en seconde, 8 semaines en premi\u00e8re et 8 semaines en terminale).<\/p>\n\n\n\n<h3 class=\"wp-block-heading\" id=\"fleche_art80\"><span style=\"text-decoration: underline;\">Poursuites d\u2019\u00e9tudes possibles<\/span><\/h3>\n\n\n\n<ul class=\"wp-block-list\"><li><a href=\"https:\/\/www.onisep.fr\/Ressources\/Univers-Formation\/Formations\/Lycees\/mc-vendeur-specialise-en-alimentation\">MC Vendeur sp\u00e9cialis\u00e9 en alimentation<\/a><\/li><li><a href=\"https:\/\/www.onisep.fr\/Ressources\/Univers-Formation\/Formations\/Post-bac\/mc-assistance-conseil-vente-a-distance\">MC Assistance, conseil, vente \u00e0 distance<\/a><\/li><li><a href=\"https:\/\/www.onisep.fr\/Ressources\/Univers-Formation\/Formations\/Post-bac\/bts-management-commercial-operationnel\">BTS Management commercial op\u00e9rationnel<\/a><\/li><li><a href=\"https:\/\/www.onisep.fr\/Ressources\/Univers-Formation\/Formations\/Post-bac\/bts-negociation-et-digitalisation-de-la-relation-client\">BTS N\u00e9gociation et digitalisation de la relation client<\/a><\/li><\/ul>\n\n\n\n<p><\/p>\n","protected":false},"excerpt":{"rendered":"<p>Le titulaire du baccalaur\u00e9at professionnel \u00ab M\u00e9tiers du commerce et de la vente \u00bb s\u2019inscrit dans une d\u00e9marche commerciale active.Son activit\u00e9 consiste \u00e0 :&#8211; accueillir, conseiller et vendre des produits et des services associ\u00e9s,&#8211; contribuer au suivi des ventes,&#8211; participer \u00e0 la fid\u00e9lisation de la client\u00e8le et au d\u00e9veloppement de&#8230; <a class=\"continue-reading-link\" href=\"https:\/\/www.lyceelafayette.fr\/index.php\/bac-pro-commerce\/\">lire la suite<\/a><\/p>\n","protected":false},"author":1,"featured_media":0,"parent":0,"menu_order":0,"comment_status":"closed","ping_status":"closed","template":"","meta":{"footnotes":""},"class_list":["post-874","page","type-page","status-publish","hentry"],"yoast_head":"<!-- This site is optimized with the Yoast SEO plugin v27.3 - https:\/\/yoast.com\/product\/yoast-seo-wordpress\/ -->\n<title>BAC PRO MCV M\u00e9tier du Commerce et de la Vente - Lyc\u00e9e La Fayette<\/title>\n<meta name=\"robots\" content=\"index, follow, max-snippet:-1, max-image-preview:large, max-video-preview:-1\" \/>\n<link rel=\"canonical\" href=\"https:\/\/www.lyceelafayette.fr\/index.php\/bac-pro-commerce\/\" \/>\n<meta property=\"og:locale\" content=\"fr_FR\" \/>\n<meta property=\"og:type\" content=\"article\" \/>\n<meta property=\"og:title\" content=\"BAC PRO MCV M\u00e9tier du Commerce et de la Vente - Lyc\u00e9e La Fayette\" \/>\n<meta property=\"og:description\" content=\"Le titulaire du baccalaur\u00e9at professionnel \u00ab M\u00e9tiers du commerce et de la vente \u00bb s\u2019inscrit dans une d\u00e9marche commerciale active.Son activit\u00e9 consiste \u00e0 :&#8211; accueillir, conseiller et vendre des produits et des services associ\u00e9s,&#8211; contribuer au suivi des ventes,&#8211; participer \u00e0 la fid\u00e9lisation de la client\u00e8le et au d\u00e9veloppement de... lire la suite\" \/>\n<meta property=\"og:url\" content=\"https:\/\/www.lyceelafayette.fr\/index.php\/bac-pro-commerce\/\" \/>\n<meta property=\"og:site_name\" content=\"Lyc\u00e9e La Fayette\" \/>\n<meta property=\"article:modified_time\" content=\"2021-03-03T17:30:03+00:00\" \/>\n<meta property=\"og:image\" content=\"https:\/\/www.lyceelafayette.fr\/wp-content\/uploads\/2021\/02\/flyers-commerce-site-1024x724.jpg\" \/>\n<meta name=\"twitter:card\" content=\"summary_large_image\" \/>\n<meta name=\"twitter:label1\" content=\"Dur\u00e9e de lecture estim\u00e9e\" \/>\n\t<meta name=\"twitter:data1\" content=\"2 minutes\" \/>\n<script type=\"application\/ld+json\" class=\"yoast-schema-graph\">{\"@context\":\"https:\\\/\\\/schema.org\",\"@graph\":[{\"@type\":\"WebPage\",\"@id\":\"https:\\\/\\\/www.lyceelafayette.fr\\\/index.php\\\/bac-pro-commerce\\\/\",\"url\":\"https:\\\/\\\/www.lyceelafayette.fr\\\/index.php\\\/bac-pro-commerce\\\/\",\"name\":\"BAC PRO MCV M\u00e9tier du Commerce et de la Vente - Lyc\u00e9e La Fayette\",\"isPartOf\":{\"@id\":\"https:\\\/\\\/www.lyceelafayette.fr\\\/#website\"},\"primaryImageOfPage\":{\"@id\":\"https:\\\/\\\/www.lyceelafayette.fr\\\/index.php\\\/bac-pro-commerce\\\/#primaryimage\"},\"image\":{\"@id\":\"https:\\\/\\\/www.lyceelafayette.fr\\\/index.php\\\/bac-pro-commerce\\\/#primaryimage\"},\"thumbnailUrl\":\"https:\\\/\\\/www.lyceelafayette.fr\\\/wp-content\\\/uploads\\\/2021\\\/02\\\/flyers-commerce-site-1024x724.jpg\",\"datePublished\":\"2019-03-19T13:18:45+00:00\",\"dateModified\":\"2021-03-03T17:30:03+00:00\",\"breadcrumb\":{\"@id\":\"https:\\\/\\\/www.lyceelafayette.fr\\\/index.php\\\/bac-pro-commerce\\\/#breadcrumb\"},\"inLanguage\":\"fr-FR\",\"potentialAction\":[{\"@type\":\"ReadAction\",\"target\":[\"https:\\\/\\\/www.lyceelafayette.fr\\\/index.php\\\/bac-pro-commerce\\\/\"]}]},{\"@type\":\"ImageObject\",\"inLanguage\":\"fr-FR\",\"@id\":\"https:\\\/\\\/www.lyceelafayette.fr\\\/index.php\\\/bac-pro-commerce\\\/#primaryimage\",\"url\":\"https:\\\/\\\/www.lyceelafayette.fr\\\/wp-content\\\/uploads\\\/2021\\\/02\\\/flyers-commerce-site.jpg\",\"contentUrl\":\"https:\\\/\\\/www.lyceelafayette.fr\\\/wp-content\\\/uploads\\\/2021\\\/02\\\/flyers-commerce-site.jpg\",\"width\":1169,\"height\":826},{\"@type\":\"BreadcrumbList\",\"@id\":\"https:\\\/\\\/www.lyceelafayette.fr\\\/index.php\\\/bac-pro-commerce\\\/#breadcrumb\",\"itemListElement\":[{\"@type\":\"ListItem\",\"position\":1,\"name\":\"Accueil\",\"item\":\"https:\\\/\\\/www.lyceelafayette.fr\\\/\"},{\"@type\":\"ListItem\",\"position\":2,\"name\":\"BAC PRO MCV M\u00e9tier du Commerce et de la Vente\"}]},{\"@type\":\"WebSite\",\"@id\":\"https:\\\/\\\/www.lyceelafayette.fr\\\/#website\",\"url\":\"https:\\\/\\\/www.lyceelafayette.fr\\\/\",\"name\":\"Lyc\u00e9e La Fayette\",\"description\":\"\",\"publisher\":{\"@id\":\"https:\\\/\\\/www.lyceelafayette.fr\\\/#organization\"},\"potentialAction\":[{\"@type\":\"SearchAction\",\"target\":{\"@type\":\"EntryPoint\",\"urlTemplate\":\"https:\\\/\\\/www.lyceelafayette.fr\\\/?s={search_term_string}\"},\"query-input\":{\"@type\":\"PropertyValueSpecification\",\"valueRequired\":true,\"valueName\":\"search_term_string\"}}],\"inLanguage\":\"fr-FR\"},{\"@type\":\"Organization\",\"@id\":\"https:\\\/\\\/www.lyceelafayette.fr\\\/#organization\",\"name\":\"Lyc\u00e9e La Fayette\",\"url\":\"https:\\\/\\\/www.lyceelafayette.fr\\\/\",\"logo\":{\"@type\":\"ImageObject\",\"inLanguage\":\"fr-FR\",\"@id\":\"https:\\\/\\\/www.lyceelafayette.fr\\\/#\\\/schema\\\/logo\\\/image\\\/\",\"url\":\"https:\\\/\\\/www.lyceelafayette.fr\\\/wp-content\\\/uploads\\\/2019\\\/06\\\/llf_logo_alpha.png\",\"contentUrl\":\"https:\\\/\\\/www.lyceelafayette.fr\\\/wp-content\\\/uploads\\\/2019\\\/06\\\/llf_logo_alpha.png\",\"width\":1583,\"height\":792,\"caption\":\"Lyc\u00e9e La Fayette\"},\"image\":{\"@id\":\"https:\\\/\\\/www.lyceelafayette.fr\\\/#\\\/schema\\\/logo\\\/image\\\/\"},\"sameAs\":[\"https:\\\/\\\/www.youtube.com\\\/channel\\\/UC2AOQowoMGBKdY4ToZsf9mw\"]}]}<\/script>\n<!-- \/ Yoast SEO plugin. -->","yoast_head_json":{"title":"BAC PRO MCV M\u00e9tier du Commerce et de la Vente - Lyc\u00e9e La Fayette","robots":{"index":"index","follow":"follow","max-snippet":"max-snippet:-1","max-image-preview":"max-image-preview:large","max-video-preview":"max-video-preview:-1"},"canonical":"https:\/\/www.lyceelafayette.fr\/index.php\/bac-pro-commerce\/","og_locale":"fr_FR","og_type":"article","og_title":"BAC PRO MCV M\u00e9tier du Commerce et de la Vente - Lyc\u00e9e La Fayette","og_description":"Le titulaire du baccalaur\u00e9at professionnel \u00ab M\u00e9tiers du commerce et de la vente \u00bb s\u2019inscrit dans une d\u00e9marche commerciale active.Son activit\u00e9 consiste \u00e0 :&#8211; accueillir, conseiller et vendre des produits et des services associ\u00e9s,&#8211; contribuer au suivi des ventes,&#8211; participer \u00e0 la fid\u00e9lisation de la client\u00e8le et au d\u00e9veloppement de... lire la suite","og_url":"https:\/\/www.lyceelafayette.fr\/index.php\/bac-pro-commerce\/","og_site_name":"Lyc\u00e9e La Fayette","article_modified_time":"2021-03-03T17:30:03+00:00","og_image":[{"url":"https:\/\/www.lyceelafayette.fr\/wp-content\/uploads\/2021\/02\/flyers-commerce-site-1024x724.jpg","type":"","width":"","height":""}],"twitter_card":"summary_large_image","twitter_misc":{"Dur\u00e9e de lecture estim\u00e9e":"2 minutes"},"schema":{"@context":"https:\/\/schema.org","@graph":[{"@type":"WebPage","@id":"https:\/\/www.lyceelafayette.fr\/index.php\/bac-pro-commerce\/","url":"https:\/\/www.lyceelafayette.fr\/index.php\/bac-pro-commerce\/","name":"BAC PRO MCV M\u00e9tier du Commerce et de la Vente - Lyc\u00e9e La Fayette","isPartOf":{"@id":"https:\/\/www.lyceelafayette.fr\/#website"},"primaryImageOfPage":{"@id":"https:\/\/www.lyceelafayette.fr\/index.php\/bac-pro-commerce\/#primaryimage"},"image":{"@id":"https:\/\/www.lyceelafayette.fr\/index.php\/bac-pro-commerce\/#primaryimage"},"thumbnailUrl":"https:\/\/www.lyceelafayette.fr\/wp-content\/uploads\/2021\/02\/flyers-commerce-site-1024x724.jpg","datePublished":"2019-03-19T13:18:45+00:00","dateModified":"2021-03-03T17:30:03+00:00","breadcrumb":{"@id":"https:\/\/www.lyceelafayette.fr\/index.php\/bac-pro-commerce\/#breadcrumb"},"inLanguage":"fr-FR","potentialAction":[{"@type":"ReadAction","target":["https:\/\/www.lyceelafayette.fr\/index.php\/bac-pro-commerce\/"]}]},{"@type":"ImageObject","inLanguage":"fr-FR","@id":"https:\/\/www.lyceelafayette.fr\/index.php\/bac-pro-commerce\/#primaryimage","url":"https:\/\/www.lyceelafayette.fr\/wp-content\/uploads\/2021\/02\/flyers-commerce-site.jpg","contentUrl":"https:\/\/www.lyceelafayette.fr\/wp-content\/uploads\/2021\/02\/flyers-commerce-site.jpg","width":1169,"height":826},{"@type":"BreadcrumbList","@id":"https:\/\/www.lyceelafayette.fr\/index.php\/bac-pro-commerce\/#breadcrumb","itemListElement":[{"@type":"ListItem","position":1,"name":"Accueil","item":"https:\/\/www.lyceelafayette.fr\/"},{"@type":"ListItem","position":2,"name":"BAC PRO MCV M\u00e9tier du Commerce et de la Vente"}]},{"@type":"WebSite","@id":"https:\/\/www.lyceelafayette.fr\/#website","url":"https:\/\/www.lyceelafayette.fr\/","name":"Lyc\u00e9e La Fayette","description":"","publisher":{"@id":"https:\/\/www.lyceelafayette.fr\/#organization"},"potentialAction":[{"@type":"SearchAction","target":{"@type":"EntryPoint","urlTemplate":"https:\/\/www.lyceelafayette.fr\/?s={search_term_string}"},"query-input":{"@type":"PropertyValueSpecification","valueRequired":true,"valueName":"search_term_string"}}],"inLanguage":"fr-FR"},{"@type":"Organization","@id":"https:\/\/www.lyceelafayette.fr\/#organization","name":"Lyc\u00e9e La Fayette","url":"https:\/\/www.lyceelafayette.fr\/","logo":{"@type":"ImageObject","inLanguage":"fr-FR","@id":"https:\/\/www.lyceelafayette.fr\/#\/schema\/logo\/image\/","url":"https:\/\/www.lyceelafayette.fr\/wp-content\/uploads\/2019\/06\/llf_logo_alpha.png","contentUrl":"https:\/\/www.lyceelafayette.fr\/wp-content\/uploads\/2019\/06\/llf_logo_alpha.png","width":1583,"height":792,"caption":"Lyc\u00e9e La Fayette"},"image":{"@id":"https:\/\/www.lyceelafayette.fr\/#\/schema\/logo\/image\/"},"sameAs":["https:\/\/www.youtube.com\/channel\/UC2AOQowoMGBKdY4ToZsf9mw"]}]}},"_links":{"self":[{"href":"https:\/\/www.lyceelafayette.fr\/index.php\/wp-json\/wp\/v2\/pages\/874","targetHints":{"allow":["GET"]}}],"collection":[{"href":"https:\/\/www.lyceelafayette.fr\/index.php\/wp-json\/wp\/v2\/pages"}],"about":[{"href":"https:\/\/www.lyceelafayette.fr\/index.php\/wp-json\/wp\/v2\/types\/page"}],"author":[{"embeddable":true,"href":"https:\/\/www.lyceelafayette.fr\/index.php\/wp-json\/wp\/v2\/users\/1"}],"replies":[{"embeddable":true,"href":"https:\/\/www.lyceelafayette.fr\/index.php\/wp-json\/wp\/v2\/comments?post=874"}],"version-history":[{"count":9,"href":"https:\/\/www.lyceelafayette.fr\/index.php\/wp-json\/wp\/v2\/pages\/874\/revisions"}],"predecessor-version":[{"id":4532,"href":"https:\/\/www.lyceelafayette.fr\/index.php\/wp-json\/wp\/v2\/pages\/874\/revisions\/4532"}],"wp:attachment":[{"href":"https:\/\/www.lyceelafayette.fr\/index.php\/wp-json\/wp\/v2\/media?parent=874"}],"curies":[{"name":"wp","href":"https:\/\/api.w.org\/{rel}","templated":true}]}}