{"id":6738,"date":"2024-06-12T11:02:16","date_gmt":"2024-06-12T09:02:16","guid":{"rendered":"https:\/\/www.lyceelafayette.fr\/?page_id=6738"},"modified":"2025-06-26T09:37:18","modified_gmt":"2025-06-26T07:37:18","slug":"inscriptions-et-reinscriptions","status":"publish","type":"page","link":"https:\/\/www.lyceelafayette.fr\/index.php\/inscriptions-et-reinscriptions\/","title":{"rendered":"Inscriptions et R\u00e9inscriptions 2025-2026"},"content":{"rendered":"\n<div class=\"wp-block-columns is-layout-flex wp-container-core-columns-is-layout-9d6595d7 wp-block-columns-is-layout-flex\">\n<div class=\"wp-block-column is-layout-flow wp-block-column-is-layout-flow\">\n<figure class=\"wp-block-table\"><table><tbody><tr><td class=\"has-text-align-center\" data-align=\"center\"><strong>NOUVEL \u00c9L\u00c8VE<\/strong><\/td><\/tr><tr><td class=\"has-text-align-center\" data-align=\"center\"><a href=\"https:\/\/www.lyceelafayette.fr\/wp-content\/uploads\/2025\/06\/Dossier_Inscription_2025-2026.pdf\">Dossier de <strong>inscription<\/strong> 2025 &#8211; 2026<\/a><br>\u00c0 imprimer en <strong>RECTO simple svp<\/strong> et \u00e0 compl\u00e9ter.<\/td><\/tr><\/tbody><\/table><\/figure>\n<\/div>\n\n\n\n<div class=\"wp-block-column is-layout-flow wp-block-column-is-layout-flow\">\n<figure class=\"wp-block-table\"><table><tbody><tr><td class=\"has-text-align-center\" data-align=\"center\"><strong>VOUS \u00caTES D\u00c9J\u00c0 \u00c9L\u00c8VE<\/strong><\/td><\/tr><tr><td class=\"has-text-align-center\" data-align=\"center\"><a href=\"https:\/\/www.lyceelafayette.fr\/wp-content\/uploads\/2025\/06\/Dossier_Reinscription_2025.2026.pdf\">Dossier de <strong>r\u00e9inscription<\/strong> 2025 &#8211; 2026<\/a><br>\u00c0 imprimer en <strong>RECTO simple svp<\/strong> et \u00e0 compl\u00e9ter.<\/td><\/tr><\/tbody><\/table><\/figure>\n<\/div>\n<\/div>\n\n\n\n<p>Merci de t\u00e9l\u00e9charger UN des dossiers et de le compl\u00e9ter.<\/p>\n\n\n\n<p><\/p>\n","protected":false},"excerpt":{"rendered":"<p>NOUVEL \u00c9L\u00c8VE Dossier de inscription 2025 &#8211; 2026\u00c0 imprimer en RECTO simple svp et \u00e0 compl\u00e9ter. VOUS \u00caTES D\u00c9J\u00c0 \u00c9L\u00c8VE Dossier de r\u00e9inscription 2025 &#8211; 2026\u00c0 imprimer en RECTO simple svp et \u00e0 compl\u00e9ter. Merci de t\u00e9l\u00e9charger UN des dossiers et de le compl\u00e9ter. <a class=\"continue-reading-link\" href=\"https:\/\/www.lyceelafayette.fr\/index.php\/inscriptions-et-reinscriptions\/\">lire la suite<\/a><\/p>\n","protected":false},"author":8,"featured_media":0,"parent":0,"menu_order":0,"comment_status":"closed","ping_status":"closed","template":"","meta":{"footnotes":""},"class_list":["post-6738","page","type-page","status-publish","hentry"],"yoast_head":"<!-- This site is optimized with the Yoast SEO plugin v27.5 - https:\/\/yoast.com\/product\/yoast-seo-wordpress\/ -->\n<title>Inscriptions et R\u00e9inscriptions 2025-2026 - Lyc\u00e9e La Fayette<\/title>\n<meta name=\"robots\" content=\"index, follow, max-snippet:-1, max-image-preview:large, max-video-preview:-1\" \/>\n<link rel=\"canonical\" href=\"https:\/\/www.lyceelafayette.fr\/index.php\/inscriptions-et-reinscriptions\/\" \/>\n<meta property=\"og:locale\" content=\"fr_FR\" \/>\n<meta property=\"og:type\" content=\"article\" \/>\n<meta property=\"og:title\" content=\"Inscriptions et R\u00e9inscriptions 2025-2026 - Lyc\u00e9e La Fayette\" \/>\n<meta property=\"og:description\" content=\"NOUVEL \u00c9L\u00c8VE Dossier de inscription 2025 &#8211; 2026\u00c0 imprimer en RECTO simple svp et \u00e0 compl\u00e9ter. VOUS \u00caTES D\u00c9J\u00c0 \u00c9L\u00c8VE Dossier de r\u00e9inscription 2025 &#8211; 2026\u00c0 imprimer en RECTO simple svp et \u00e0 compl\u00e9ter. Merci de t\u00e9l\u00e9charger UN des dossiers et de le compl\u00e9ter. lire la suite\" \/>\n<meta property=\"og:url\" content=\"https:\/\/www.lyceelafayette.fr\/index.php\/inscriptions-et-reinscriptions\/\" \/>\n<meta property=\"og:site_name\" content=\"Lyc\u00e9e La Fayette\" \/>\n<meta property=\"article:modified_time\" content=\"2025-06-26T07:37:18+00:00\" \/>\n<meta name=\"twitter:card\" content=\"summary_large_image\" \/>\n<meta name=\"twitter:label1\" content=\"Dur\u00e9e de lecture estim\u00e9e\" \/>\n\t<meta name=\"twitter:data1\" content=\"1 minute\" \/>\n<script type=\"application\/ld+json\" class=\"yoast-schema-graph\">{\"@context\":\"https:\\\/\\\/schema.org\",\"@graph\":[{\"@type\":\"WebPage\",\"@id\":\"https:\\\/\\\/www.lyceelafayette.fr\\\/index.php\\\/inscriptions-et-reinscriptions\\\/\",\"url\":\"https:\\\/\\\/www.lyceelafayette.fr\\\/index.php\\\/inscriptions-et-reinscriptions\\\/\",\"name\":\"Inscriptions et R\u00e9inscriptions 2025-2026 - Lyc\u00e9e La Fayette\",\"isPartOf\":{\"@id\":\"https:\\\/\\\/www.lyceelafayette.fr\\\/#website\"},\"datePublished\":\"2024-06-12T09:02:16+00:00\",\"dateModified\":\"2025-06-26T07:37:18+00:00\",\"breadcrumb\":{\"@id\":\"https:\\\/\\\/www.lyceelafayette.fr\\\/index.php\\\/inscriptions-et-reinscriptions\\\/#breadcrumb\"},\"inLanguage\":\"fr-FR\",\"potentialAction\":[{\"@type\":\"ReadAction\",\"target\":[\"https:\\\/\\\/www.lyceelafayette.fr\\\/index.php\\\/inscriptions-et-reinscriptions\\\/\"]}]},{\"@type\":\"BreadcrumbList\",\"@id\":\"https:\\\/\\\/www.lyceelafayette.fr\\\/index.php\\\/inscriptions-et-reinscriptions\\\/#breadcrumb\",\"itemListElement\":[{\"@type\":\"ListItem\",\"position\":1,\"name\":\"Accueil\",\"item\":\"https:\\\/\\\/www.lyceelafayette.fr\\\/\"},{\"@type\":\"ListItem\",\"position\":2,\"name\":\"Inscriptions et R\u00e9inscriptions 2025-2026\"}]},{\"@type\":\"WebSite\",\"@id\":\"https:\\\/\\\/www.lyceelafayette.fr\\\/#website\",\"url\":\"https:\\\/\\\/www.lyceelafayette.fr\\\/\",\"name\":\"Lyc\u00e9e La Fayette\",\"description\":\"\",\"publisher\":{\"@id\":\"https:\\\/\\\/www.lyceelafayette.fr\\\/#organization\"},\"potentialAction\":[{\"@type\":\"SearchAction\",\"target\":{\"@type\":\"EntryPoint\",\"urlTemplate\":\"https:\\\/\\\/www.lyceelafayette.fr\\\/?s={search_term_string}\"},\"query-input\":{\"@type\":\"PropertyValueSpecification\",\"valueRequired\":true,\"valueName\":\"search_term_string\"}}],\"inLanguage\":\"fr-FR\"},{\"@type\":\"Organization\",\"@id\":\"https:\\\/\\\/www.lyceelafayette.fr\\\/#organization\",\"name\":\"Lyc\u00e9e La Fayette\",\"url\":\"https:\\\/\\\/www.lyceelafayette.fr\\\/\",\"logo\":{\"@type\":\"ImageObject\",\"inLanguage\":\"fr-FR\",\"@id\":\"https:\\\/\\\/www.lyceelafayette.fr\\\/#\\\/schema\\\/logo\\\/image\\\/\",\"url\":\"https:\\\/\\\/www.lyceelafayette.fr\\\/wp-content\\\/uploads\\\/2019\\\/06\\\/llf_logo_alpha.png\",\"contentUrl\":\"https:\\\/\\\/www.lyceelafayette.fr\\\/wp-content\\\/uploads\\\/2019\\\/06\\\/llf_logo_alpha.png\",\"width\":1583,\"height\":792,\"caption\":\"Lyc\u00e9e La Fayette\"},\"image\":{\"@id\":\"https:\\\/\\\/www.lyceelafayette.fr\\\/#\\\/schema\\\/logo\\\/image\\\/\"},\"sameAs\":[\"https:\\\/\\\/www.youtube.com\\\/channel\\\/UC2AOQowoMGBKdY4ToZsf9mw\"]}]}<\/script>\n<!-- \/ Yoast SEO plugin. -->","yoast_head_json":{"title":"Inscriptions et R\u00e9inscriptions 2025-2026 - Lyc\u00e9e La Fayette","robots":{"index":"index","follow":"follow","max-snippet":"max-snippet:-1","max-image-preview":"max-image-preview:large","max-video-preview":"max-video-preview:-1"},"canonical":"https:\/\/www.lyceelafayette.fr\/index.php\/inscriptions-et-reinscriptions\/","og_locale":"fr_FR","og_type":"article","og_title":"Inscriptions et R\u00e9inscriptions 2025-2026 - Lyc\u00e9e La Fayette","og_description":"NOUVEL \u00c9L\u00c8VE Dossier de inscription 2025 &#8211; 2026\u00c0 imprimer en RECTO simple svp et \u00e0 compl\u00e9ter. VOUS \u00caTES D\u00c9J\u00c0 \u00c9L\u00c8VE Dossier de r\u00e9inscription 2025 &#8211; 2026\u00c0 imprimer en RECTO simple svp et \u00e0 compl\u00e9ter. Merci de t\u00e9l\u00e9charger UN des dossiers et de le compl\u00e9ter. lire la suite","og_url":"https:\/\/www.lyceelafayette.fr\/index.php\/inscriptions-et-reinscriptions\/","og_site_name":"Lyc\u00e9e La Fayette","article_modified_time":"2025-06-26T07:37:18+00:00","twitter_card":"summary_large_image","twitter_misc":{"Dur\u00e9e de lecture estim\u00e9e":"1 minute"},"schema":{"@context":"https:\/\/schema.org","@graph":[{"@type":"WebPage","@id":"https:\/\/www.lyceelafayette.fr\/index.php\/inscriptions-et-reinscriptions\/","url":"https:\/\/www.lyceelafayette.fr\/index.php\/inscriptions-et-reinscriptions\/","name":"Inscriptions et R\u00e9inscriptions 2025-2026 - Lyc\u00e9e La Fayette","isPartOf":{"@id":"https:\/\/www.lyceelafayette.fr\/#website"},"datePublished":"2024-06-12T09:02:16+00:00","dateModified":"2025-06-26T07:37:18+00:00","breadcrumb":{"@id":"https:\/\/www.lyceelafayette.fr\/index.php\/inscriptions-et-reinscriptions\/#breadcrumb"},"inLanguage":"fr-FR","potentialAction":[{"@type":"ReadAction","target":["https:\/\/www.lyceelafayette.fr\/index.php\/inscriptions-et-reinscriptions\/"]}]},{"@type":"BreadcrumbList","@id":"https:\/\/www.lyceelafayette.fr\/index.php\/inscriptions-et-reinscriptions\/#breadcrumb","itemListElement":[{"@type":"ListItem","position":1,"name":"Accueil","item":"https:\/\/www.lyceelafayette.fr\/"},{"@type":"ListItem","position":2,"name":"Inscriptions et R\u00e9inscriptions 2025-2026"}]},{"@type":"WebSite","@id":"https:\/\/www.lyceelafayette.fr\/#website","url":"https:\/\/www.lyceelafayette.fr\/","name":"Lyc\u00e9e La Fayette","description":"","publisher":{"@id":"https:\/\/www.lyceelafayette.fr\/#organization"},"potentialAction":[{"@type":"SearchAction","target":{"@type":"EntryPoint","urlTemplate":"https:\/\/www.lyceelafayette.fr\/?s={search_term_string}"},"query-input":{"@type":"PropertyValueSpecification","valueRequired":true,"valueName":"search_term_string"}}],"inLanguage":"fr-FR"},{"@type":"Organization","@id":"https:\/\/www.lyceelafayette.fr\/#organization","name":"Lyc\u00e9e La Fayette","url":"https:\/\/www.lyceelafayette.fr\/","logo":{"@type":"ImageObject","inLanguage":"fr-FR","@id":"https:\/\/www.lyceelafayette.fr\/#\/schema\/logo\/image\/","url":"https:\/\/www.lyceelafayette.fr\/wp-content\/uploads\/2019\/06\/llf_logo_alpha.png","contentUrl":"https:\/\/www.lyceelafayette.fr\/wp-content\/uploads\/2019\/06\/llf_logo_alpha.png","width":1583,"height":792,"caption":"Lyc\u00e9e La Fayette"},"image":{"@id":"https:\/\/www.lyceelafayette.fr\/#\/schema\/logo\/image\/"},"sameAs":["https:\/\/www.youtube.com\/channel\/UC2AOQowoMGBKdY4ToZsf9mw"]}]}},"_links":{"self":[{"href":"https:\/\/www.lyceelafayette.fr\/index.php\/wp-json\/wp\/v2\/pages\/6738","targetHints":{"allow":["GET"]}}],"collection":[{"href":"https:\/\/www.lyceelafayette.fr\/index.php\/wp-json\/wp\/v2\/pages"}],"about":[{"href":"https:\/\/www.lyceelafayette.fr\/index.php\/wp-json\/wp\/v2\/types\/page"}],"author":[{"embeddable":true,"href":"https:\/\/www.lyceelafayette.fr\/index.php\/wp-json\/wp\/v2\/users\/8"}],"replies":[{"embeddable":true,"href":"https:\/\/www.lyceelafayette.fr\/index.php\/wp-json\/wp\/v2\/comments?post=6738"}],"version-history":[{"count":14,"href":"https:\/\/www.lyceelafayette.fr\/index.php\/wp-json\/wp\/v2\/pages\/6738\/revisions"}],"predecessor-version":[{"id":7116,"href":"https:\/\/www.lyceelafayette.fr\/index.php\/wp-json\/wp\/v2\/pages\/6738\/revisions\/7116"}],"wp:attachment":[{"href":"https:\/\/www.lyceelafayette.fr\/index.php\/wp-json\/wp\/v2\/media?parent=6738"}],"curies":[{"name":"wp","href":"https:\/\/api.w.org\/{rel}","templated":true}]}}

Inscriptions et Réinscriptions 2025-2026

<div class="wp-block-columns is-layout-flex wp-container-core-columns-is-layout-9d6595d7 wp-block-columns-is-layout-flex">
<div class="wp-block-column is-layout-flow wp-block-column-is-layout-flow">
<figure class="wp-block-table"><table><tbody><tr><td class="has-text-align-center" data-align="center"><strong>NOUVEL ÉLÈVE</strong></td></tr><tr><td class="has-text-align-center" data-align="center"><a href="https://www.lyceelafayette.fr/wp-content/uploads/2025/06/Dossier_Inscription_2025-2026.pdf">Dossier de <strong>inscription</strong> 2025 &#8211; 2026</a><br>À imprimer en <strong>RECTO simple svp</strong> et à compléter.</td></tr></tbody></table></figure>
</div>



<div class="wp-block-column is-layout-flow wp-block-column-is-layout-flow">
<figure class="wp-block-table"><table><tbody><tr><td class="has-text-align-center" data-align="center"><strong>VOUS ÊTES DÉJÀ ÉLÈVE</strong></td></tr><tr><td class="has-text-align-center" data-align="center"><a href="https://www.lyceelafayette.fr/wp-content/uploads/2025/06/Dossier_Reinscription_2025.2026.pdf">Dossier de <strong>réinscription</strong> 2025 &#8211; 2026</a><br>À imprimer en <strong>RECTO simple svp</strong> et à compléter.</td></tr></tbody></table></figure>
</div>
</div>



<p>Merci de télécharger UN des dossiers et de le compléter.</p>



<p></p>

<p>NOUVEL ÉLÈVE Dossier de inscription 2025 &#8211; 2026À imprimer en RECTO simple svp et à compléter. VOUS ÊTES DÉJÀ ÉLÈVE Dossier de réinscription 2025 &#8211; 2026À imprimer en RECTO simple svp et à compléter. Merci de télécharger UN des dossiers et de le compléter. <a class="continue-reading-link" href="https://www.lyceelafayette.fr/index.php/inscriptions-et-reinscriptions/">lire la suite</a></p>

<!-- This site is optimized with the Yoast SEO plugin v27.5 - https://yoast.com/product/yoast-seo-wordpress/ -->
<title>Inscriptions et Réinscriptions 2025-2026 - Lycée La Fayette</title>
<meta name="robots" content="index, follow, max-snippet:-1, max-image-preview:large, max-video-preview:-1" />
<link rel="canonical" href="https://www.lyceelafayette.fr/index.php/inscriptions-et-reinscriptions/" />
<meta property="og:locale" content="fr_FR" />
<meta property="og:type" content="article" />
<meta property="og:title" content="Inscriptions et Réinscriptions 2025-2026 - Lycée La Fayette" />
<meta property="og:description" content="NOUVEL ÉLÈVE Dossier de inscription 2025 &#8211; 2026À imprimer en RECTO simple svp et à compléter. VOUS ÊTES DÉJÀ ÉLÈVE Dossier de réinscription 2025 &#8211; 2026À imprimer en RECTO simple svp et à compléter. Merci de télécharger UN des dossiers et de le compléter. lire la suite" />
<meta property="og:url" content="https://www.lyceelafayette.fr/index.php/inscriptions-et-reinscriptions/" />
<meta property="og:site_name" content="Lycée La Fayette" />
<meta property="article:modified_time" content="2025-06-26T07:37:18+00:00" />
<meta name="twitter:card" content="summary_large_image" />
<meta name="twitter:label1" content="Durée de lecture estimée" />
	<meta name="twitter:data1" content="1 minute" />
<script type="application/ld+json" class="yoast-schema-graph">{"@context":"https:\/\/schema.org","@graph":[{"@type":"WebPage","@id":"https:\/\/www.lyceelafayette.fr\/index.php\/inscriptions-et-reinscriptions\/","url":"https:\/\/www.lyceelafayette.fr\/index.php\/inscriptions-et-reinscriptions\/","name":"Inscriptions et Réinscriptions 2025-2026 - Lycée La Fayette","isPartOf":{"@id":"https:\/\/www.lyceelafayette.fr\/#website"},"datePublished":"2024-06-12T09:02:16+00:00","dateModified":"2025-06-26T07:37:18+00:00","breadcrumb":{"@id":"https:\/\/www.lyceelafayette.fr\/index.php\/inscriptions-et-reinscriptions\/#breadcrumb"},"inLanguage":"fr-FR","potentialAction":[{"@type":"ReadAction","target":["https:\/\/www.lyceelafayette.fr\/index.php\/inscriptions-et-reinscriptions\/"]}]},{"@type":"BreadcrumbList","@id":"https:\/\/www.lyceelafayette.fr\/index.php\/inscriptions-et-reinscriptions\/#breadcrumb","itemListElement":[{"@type":"ListItem","position":1,"name":"Accueil","item":"https:\/\/www.lyceelafayette.fr\/"},{"@type":"ListItem","position":2,"name":"Inscriptions et Réinscriptions 2025-2026"}]},{"@type":"WebSite","@id":"https:\/\/www.lyceelafayette.fr\/#website","url":"https:\/\/www.lyceelafayette.fr\/","name":"Lycée La Fayette","description":"","publisher":{"@id":"https:\/\/www.lyceelafayette.fr\/#organization"},"potentialAction":[{"@type":"SearchAction","target":{"@type":"EntryPoint","urlTemplate":"https:\/\/www.lyceelafayette.fr\/?s={search_term_string}"},"query-input":{"@type":"PropertyValueSpecification","valueRequired":true,"valueName":"search_term_string"}}],"inLanguage":"fr-FR"},{"@type":"Organization","@id":"https:\/\/www.lyceelafayette.fr\/#organization","name":"Lycée La Fayette","url":"https:\/\/www.lyceelafayette.fr\/","logo":{"@type":"ImageObject","inLanguage":"fr-FR","@id":"https:\/\/www.lyceelafayette.fr\/#\/schema\/logo\/image\/","url":"https:\/\/www.lyceelafayette.fr\/wp-content\/uploads\/2019\/06\/llf_logo_alpha.png","contentUrl":"https:\/\/www.lyceelafayette.fr\/wp-content\/uploads\/2019\/06\/llf_logo_alpha.png","width":1583,"height":792,"caption":"Lycée La Fayette"},"image":{"@id":"https:\/\/www.lyceelafayette.fr\/#\/schema\/logo\/image\/"},"sameAs":["https:\/\/www.youtube.com\/channel\/UC2AOQowoMGBKdY4ToZsf9mw"]}]}</script>
<!-- / Yoast SEO plugin. -->

Inscriptions et Réinscriptions 2025-2026 - Lycée La Fayette

NOUVEL ÉLÈVE Dossier de inscription 2025 &#8211; 2026À imprimer en RECTO simple svp et à compléter. VOUS ÊTES DÉJÀ ÉLÈVE Dossier de réinscription 2025 &#8211; 2026À imprimer en RECTO simple svp et à compléter. Merci de télécharger UN des dossiers et de le compléter. lire la suite

Lycée La Fayette
