{"id":4677,"date":"2021-03-05T12:42:57","date_gmt":"2021-03-05T11:42:57","guid":{"rendered":"https:\/\/www.lyceelafayette.fr\/?page_id=4677"},"modified":"2025-10-10T11:33:42","modified_gmt":"2025-10-10T09:33:42","slug":"taxe-dapprentissage","status":"publish","type":"page","link":"https:\/\/www.lyceelafayette.fr\/index.php\/taxe-dapprentissage\/","title":{"rendered":"TAXE D&rsquo;APPRENTISSAGE"},"content":{"rendered":"\n<p>Notre lyc\u00e9e est <strong>habilit\u00e9 \u00e0 percevoir le solde de la taxe d\u2019apprentissage<\/strong>.<\/p>\n\n\n\n<p>Ces fonds financent directement les formations technologiques et professionnelles initiales.<\/p>\n\n\n\n<h3 class=\"wp-block-heading\">Pourquoi verser votre taxe d\u2019apprentissage au Lyc\u00e9e La Fayette ?<\/h3>\n\n\n\n<p>Votre contribution est une aide indispensable :<\/p>\n\n\n\n<ul class=\"wp-block-list\">\n<li>au d\u00e9veloppement et \u00e0 la modernisation de nos formations,<\/li>\n\n\n\n<li>\u00e0 l\u2019acquisition et \u00e0 la mise en \u0153uvre des technologies les plus r\u00e9centes,<\/li>\n\n\n\n<li>\u00e0 la r\u00e9ussite de nos \u00e9l\u00e8ves et \u00e9tudiants, futurs professionnels qualifi\u00e9s.<\/li>\n<\/ul>\n\n\n\n<h3 class=\"wp-block-heading\">Comment verser votre taxe ?<\/h3>\n\n\n\n<p>La plateforme <strong><a href=\"https:\/\/www.soltea.education.gouv.fr\/\">SOLTEA<\/a><\/strong> vous permet d\u2019affecter le solde de votre taxe d\u2019apprentissage \u00e0 notre \u00e9tablissement.<\/p>\n\n\n\n<p>\ud83d\udc49 Pour nous retrouver, il suffit de saisir notre <strong>code UAI : 0770920G<\/strong> dans le moteur de recherche de <a href=\"https:\/\/www.soltea.education.gouv.fr\/\">SOLTEA<\/a>.<\/p>\n\n\n\n<p><a href=\"https:\/\/youtu.be\/dM_q0J6r39U\">Tutoriel d&rsquo;utilisation<\/a> de la plateforme SOLTEA<\/p>\n\n\n\n<p><strong>Verser votre taxe d\u2019apprentissage, c\u2019est investir dans l\u2019avenir de nos jeunes.<\/strong><\/p>\n","protected":false},"excerpt":{"rendered":"<p>Notre lyc\u00e9e est habilit\u00e9 \u00e0 percevoir le solde de la taxe d\u2019apprentissage. Ces fonds financent directement les formations technologiques et professionnelles initiales. Pourquoi verser votre taxe d\u2019apprentissage au Lyc\u00e9e La Fayette ? Votre contribution est une aide indispensable : Comment verser votre taxe ? La plateforme SOLTEA vous permet d\u2019affecter&#8230; <a class=\"continue-reading-link\" href=\"https:\/\/www.lyceelafayette.fr\/index.php\/taxe-dapprentissage\/\">lire la suite<\/a><\/p>\n","protected":false},"author":1,"featured_media":0,"parent":0,"menu_order":0,"comment_status":"closed","ping_status":"closed","template":"","meta":{"footnotes":""},"class_list":["post-4677","page","type-page","status-publish","hentry"],"yoast_head":"<!-- This site is optimized with the Yoast SEO plugin v27.5 - https:\/\/yoast.com\/product\/yoast-seo-wordpress\/ -->\n<title>TAXE D&#039;APPRENTISSAGE - Lyc\u00e9e La Fayette<\/title>\n<meta name=\"robots\" content=\"index, follow, max-snippet:-1, max-image-preview:large, max-video-preview:-1\" \/>\n<link rel=\"canonical\" href=\"https:\/\/www.lyceelafayette.fr\/index.php\/taxe-dapprentissage\/\" \/>\n<meta property=\"og:locale\" content=\"fr_FR\" \/>\n<meta property=\"og:type\" content=\"article\" \/>\n<meta property=\"og:title\" content=\"TAXE D&#039;APPRENTISSAGE - Lyc\u00e9e La Fayette\" \/>\n<meta property=\"og:description\" content=\"Notre lyc\u00e9e est habilit\u00e9 \u00e0 percevoir le solde de la taxe d\u2019apprentissage. Ces fonds financent directement les formations technologiques et professionnelles initiales. Pourquoi verser votre taxe d\u2019apprentissage au Lyc\u00e9e La Fayette ? Votre contribution est une aide indispensable : Comment verser votre taxe ? La plateforme SOLTEA vous permet d\u2019affecter... lire la suite\" \/>\n<meta property=\"og:url\" content=\"https:\/\/www.lyceelafayette.fr\/index.php\/taxe-dapprentissage\/\" \/>\n<meta property=\"og:site_name\" content=\"Lyc\u00e9e La Fayette\" \/>\n<meta property=\"article:modified_time\" content=\"2025-10-10T09:33:42+00:00\" \/>\n<meta name=\"twitter:card\" content=\"summary_large_image\" \/>\n<meta name=\"twitter:label1\" content=\"Dur\u00e9e de lecture estim\u00e9e\" \/>\n\t<meta name=\"twitter:data1\" content=\"1 minute\" \/>\n<script type=\"application\/ld+json\" class=\"yoast-schema-graph\">{\"@context\":\"https:\\\/\\\/schema.org\",\"@graph\":[{\"@type\":\"WebPage\",\"@id\":\"https:\\\/\\\/www.lyceelafayette.fr\\\/index.php\\\/taxe-dapprentissage\\\/\",\"url\":\"https:\\\/\\\/www.lyceelafayette.fr\\\/index.php\\\/taxe-dapprentissage\\\/\",\"name\":\"TAXE D'APPRENTISSAGE - Lyc\u00e9e La Fayette\",\"isPartOf\":{\"@id\":\"https:\\\/\\\/www.lyceelafayette.fr\\\/#website\"},\"datePublished\":\"2021-03-05T11:42:57+00:00\",\"dateModified\":\"2025-10-10T09:33:42+00:00\",\"breadcrumb\":{\"@id\":\"https:\\\/\\\/www.lyceelafayette.fr\\\/index.php\\\/taxe-dapprentissage\\\/#breadcrumb\"},\"inLanguage\":\"fr-FR\",\"potentialAction\":[{\"@type\":\"ReadAction\",\"target\":[\"https:\\\/\\\/www.lyceelafayette.fr\\\/index.php\\\/taxe-dapprentissage\\\/\"]}]},{\"@type\":\"BreadcrumbList\",\"@id\":\"https:\\\/\\\/www.lyceelafayette.fr\\\/index.php\\\/taxe-dapprentissage\\\/#breadcrumb\",\"itemListElement\":[{\"@type\":\"ListItem\",\"position\":1,\"name\":\"Accueil\",\"item\":\"https:\\\/\\\/www.lyceelafayette.fr\\\/\"},{\"@type\":\"ListItem\",\"position\":2,\"name\":\"TAXE D&rsquo;APPRENTISSAGE\"}]},{\"@type\":\"WebSite\",\"@id\":\"https:\\\/\\\/www.lyceelafayette.fr\\\/#website\",\"url\":\"https:\\\/\\\/www.lyceelafayette.fr\\\/\",\"name\":\"Lyc\u00e9e La Fayette\",\"description\":\"\",\"publisher\":{\"@id\":\"https:\\\/\\\/www.lyceelafayette.fr\\\/#organization\"},\"potentialAction\":[{\"@type\":\"SearchAction\",\"target\":{\"@type\":\"EntryPoint\",\"urlTemplate\":\"https:\\\/\\\/www.lyceelafayette.fr\\\/?s={search_term_string}\"},\"query-input\":{\"@type\":\"PropertyValueSpecification\",\"valueRequired\":true,\"valueName\":\"search_term_string\"}}],\"inLanguage\":\"fr-FR\"},{\"@type\":\"Organization\",\"@id\":\"https:\\\/\\\/www.lyceelafayette.fr\\\/#organization\",\"name\":\"Lyc\u00e9e La Fayette\",\"url\":\"https:\\\/\\\/www.lyceelafayette.fr\\\/\",\"logo\":{\"@type\":\"ImageObject\",\"inLanguage\":\"fr-FR\",\"@id\":\"https:\\\/\\\/www.lyceelafayette.fr\\\/#\\\/schema\\\/logo\\\/image\\\/\",\"url\":\"https:\\\/\\\/www.lyceelafayette.fr\\\/wp-content\\\/uploads\\\/2019\\\/06\\\/llf_logo_alpha.png\",\"contentUrl\":\"https:\\\/\\\/www.lyceelafayette.fr\\\/wp-content\\\/uploads\\\/2019\\\/06\\\/llf_logo_alpha.png\",\"width\":1583,\"height\":792,\"caption\":\"Lyc\u00e9e La Fayette\"},\"image\":{\"@id\":\"https:\\\/\\\/www.lyceelafayette.fr\\\/#\\\/schema\\\/logo\\\/image\\\/\"},\"sameAs\":[\"https:\\\/\\\/www.youtube.com\\\/channel\\\/UC2AOQowoMGBKdY4ToZsf9mw\"]}]}<\/script>\n<!-- \/ Yoast SEO plugin. -->","yoast_head_json":{"title":"TAXE D'APPRENTISSAGE - Lyc\u00e9e La Fayette","robots":{"index":"index","follow":"follow","max-snippet":"max-snippet:-1","max-image-preview":"max-image-preview:large","max-video-preview":"max-video-preview:-1"},"canonical":"https:\/\/www.lyceelafayette.fr\/index.php\/taxe-dapprentissage\/","og_locale":"fr_FR","og_type":"article","og_title":"TAXE D'APPRENTISSAGE - Lyc\u00e9e La Fayette","og_description":"Notre lyc\u00e9e est habilit\u00e9 \u00e0 percevoir le solde de la taxe d\u2019apprentissage. Ces fonds financent directement les formations technologiques et professionnelles initiales. Pourquoi verser votre taxe d\u2019apprentissage au Lyc\u00e9e La Fayette ? Votre contribution est une aide indispensable : Comment verser votre taxe ? La plateforme SOLTEA vous permet d\u2019affecter... lire la suite","og_url":"https:\/\/www.lyceelafayette.fr\/index.php\/taxe-dapprentissage\/","og_site_name":"Lyc\u00e9e La Fayette","article_modified_time":"2025-10-10T09:33:42+00:00","twitter_card":"summary_large_image","twitter_misc":{"Dur\u00e9e de lecture estim\u00e9e":"1 minute"},"schema":{"@context":"https:\/\/schema.org","@graph":[{"@type":"WebPage","@id":"https:\/\/www.lyceelafayette.fr\/index.php\/taxe-dapprentissage\/","url":"https:\/\/www.lyceelafayette.fr\/index.php\/taxe-dapprentissage\/","name":"TAXE D'APPRENTISSAGE - Lyc\u00e9e La Fayette","isPartOf":{"@id":"https:\/\/www.lyceelafayette.fr\/#website"},"datePublished":"2021-03-05T11:42:57+00:00","dateModified":"2025-10-10T09:33:42+00:00","breadcrumb":{"@id":"https:\/\/www.lyceelafayette.fr\/index.php\/taxe-dapprentissage\/#breadcrumb"},"inLanguage":"fr-FR","potentialAction":[{"@type":"ReadAction","target":["https:\/\/www.lyceelafayette.fr\/index.php\/taxe-dapprentissage\/"]}]},{"@type":"BreadcrumbList","@id":"https:\/\/www.lyceelafayette.fr\/index.php\/taxe-dapprentissage\/#breadcrumb","itemListElement":[{"@type":"ListItem","position":1,"name":"Accueil","item":"https:\/\/www.lyceelafayette.fr\/"},{"@type":"ListItem","position":2,"name":"TAXE D&rsquo;APPRENTISSAGE"}]},{"@type":"WebSite","@id":"https:\/\/www.lyceelafayette.fr\/#website","url":"https:\/\/www.lyceelafayette.fr\/","name":"Lyc\u00e9e La Fayette","description":"","publisher":{"@id":"https:\/\/www.lyceelafayette.fr\/#organization"},"potentialAction":[{"@type":"SearchAction","target":{"@type":"EntryPoint","urlTemplate":"https:\/\/www.lyceelafayette.fr\/?s={search_term_string}"},"query-input":{"@type":"PropertyValueSpecification","valueRequired":true,"valueName":"search_term_string"}}],"inLanguage":"fr-FR"},{"@type":"Organization","@id":"https:\/\/www.lyceelafayette.fr\/#organization","name":"Lyc\u00e9e La Fayette","url":"https:\/\/www.lyceelafayette.fr\/","logo":{"@type":"ImageObject","inLanguage":"fr-FR","@id":"https:\/\/www.lyceelafayette.fr\/#\/schema\/logo\/image\/","url":"https:\/\/www.lyceelafayette.fr\/wp-content\/uploads\/2019\/06\/llf_logo_alpha.png","contentUrl":"https:\/\/www.lyceelafayette.fr\/wp-content\/uploads\/2019\/06\/llf_logo_alpha.png","width":1583,"height":792,"caption":"Lyc\u00e9e La Fayette"},"image":{"@id":"https:\/\/www.lyceelafayette.fr\/#\/schema\/logo\/image\/"},"sameAs":["https:\/\/www.youtube.com\/channel\/UC2AOQowoMGBKdY4ToZsf9mw"]}]}},"_links":{"self":[{"href":"https:\/\/www.lyceelafayette.fr\/index.php\/wp-json\/wp\/v2\/pages\/4677","targetHints":{"allow":["GET"]}}],"collection":[{"href":"https:\/\/www.lyceelafayette.fr\/index.php\/wp-json\/wp\/v2\/pages"}],"about":[{"href":"https:\/\/www.lyceelafayette.fr\/index.php\/wp-json\/wp\/v2\/types\/page"}],"author":[{"embeddable":true,"href":"https:\/\/www.lyceelafayette.fr\/index.php\/wp-json\/wp\/v2\/users\/1"}],"replies":[{"embeddable":true,"href":"https:\/\/www.lyceelafayette.fr\/index.php\/wp-json\/wp\/v2\/comments?post=4677"}],"version-history":[{"count":16,"href":"https:\/\/www.lyceelafayette.fr\/index.php\/wp-json\/wp\/v2\/pages\/4677\/revisions"}],"predecessor-version":[{"id":7249,"href":"https:\/\/www.lyceelafayette.fr\/index.php\/wp-json\/wp\/v2\/pages\/4677\/revisions\/7249"}],"wp:attachment":[{"href":"https:\/\/www.lyceelafayette.fr\/index.php\/wp-json\/wp\/v2\/media?parent=4677"}],"curies":[{"name":"wp","href":"https:\/\/api.w.org\/{rel}","templated":true}]}}