{"id":269,"date":"2019-01-11T15:11:06","date_gmt":"2019-01-11T14:11:06","guid":{"rendered":"http:\/\/www.lyceelafayette.fr\/?page_id=269"},"modified":"2021-01-15T15:11:22","modified_gmt":"2021-01-15T14:11:22","slug":"accueil","status":"publish","type":"page","link":"https:\/\/www.lyceelafayette.fr\/index.php\/accueil\/","title":{"rendered":"Un peu d\u2019histoire locale \u2026"},"content":{"rendered":"\n<figure class=\"wp-block-image\"><img loading=\"lazy\" decoding=\"async\" width=\"251\" height=\"156\" src=\"https:\/\/www.lyceelafayette.fr\/wp-content\/uploads\/2019\/05\/Vue_champagne1.jpg\" alt=\"\" class=\"wp-image-1910\" srcset=\"https:\/\/www.lyceelafayette.fr\/wp-content\/uploads\/2019\/05\/Vue_champagne1.jpg 251w, https:\/\/www.lyceelafayette.fr\/wp-content\/uploads\/2019\/05\/Vue_champagne1-150x93.jpg 150w\" sizes=\"auto, (max-width: 251px) 100vw, 251px\" \/><\/figure>\n\n\n\n<p><strong>Avant 1914<\/strong> <\/p>\n\n\n\n<p>Vue du lyc\u00e9e <\/p>\n\n\n\n<p>Au d\u00e9but du si\u00e8cle de Louis XIII existait \u00e0 l\u2019emplacement de l\u2019ancienne mairie de Champagne, place des C\u00e9lestins, un  rendez-vous de chasse fr\u00e9quent\u00e9 par d\u2019\u00e9l\u00e9gantes chasseresses et de nobles chasseurs. Pr\u00e8s de l\u00e0 s\u2019\u00e9levait une construction bourgeoise de style Louis XIII, comportant un pavillon compos\u00e9 d\u2019une douzaine de pi\u00e8ces et de plusieurs d\u00e9pendances (\u00e9curies, serres, billards\u2026). Cette modeste  gentilhommi\u00e8re, dont il ne restait que peu de choses de grande valeur historique avant sa destruction, ne se remarquait \u00e0 l\u2019\u00e9poque que par  son escalier de bois \u00e0 fines balustres et par les quelques carreaux  verts de ses fen\u00eatres du 1er \u00e9tage. A qui appartenait-elle exactement&nbsp;?  Nul ne peut le dire. Le d\u00e9but du XVIII<sup>e<\/sup> si\u00e8cle verra s\u2019installer en ces lieux une communaut\u00e9  religieuse &nbsp;\u00ab\u00a0les C\u00e9lestins\u00a0\u00bb . La discipline de ces p\u00e8res, qui ne devait  pas \u00eatre particuli\u00e8rement rigide, permit \u00e0 Fran\u00e7ois-Marie Arouet, notre m\u00e9cr\u00e9ant Voltaire qui avait des ennuis en raison de son ind\u00e9pendance  en mati\u00e8re religieuse, de faire quelques cours s\u00e9jours sur les conseils de son parrain l\u2019Abb\u00e9 de Ch\u00e2teauneuf. \u00c0 la R\u00e9volution, cette maison des C\u00e9lestins sera d\u00e9clar\u00e9e &nbsp;\u00ab\u00a0bien  national\u00a0\u00bb et servira, dit-on, de cantonnement \u00e0 la Garde Nationale.  Sous la Restauration, elle fut acquise pour un prix tr\u00e8s bas par les Girard d\u2019Arvrainville, une famille de petite noblesse, originaire du  Tarn \u2013 ou Tarn-et-Garonne \u2013 comme pourraient le prouver les parchemins  retrouv\u00e9s dans les combles du b\u00e2timent\u2026 D\u2019autre part, un brevet de Capitaine de la Garde Nationale au nom d\u2019un  certain Chiappe (anc\u00eatre certain de l\u2019ancien pr\u00e9fet) retrouv\u00e9 dans les  greniers, laisse supposer que ce vieux pavillon servit effectivement de  cantonnement \u00e0 cette troupe pendant tout ou partie de la p\u00e9riode  r\u00e9volutionnaire. Devant de gros frais de restauration, et l\u2019ardent d\u00e9sir de retrouver  leur Languedoc natal, les propri\u00e9taires vendirent l\u2019ensemble au sieur Delouche (ou de Louche), Nom qui figurait encore sur certains actes lors  de l\u2019acquisition de cette propri\u00e9t\u00e9, en 1919, par l\u2019\u0153uvre des Pupilles de l\u2019\u00e9cole publique du d\u00e9partement de Seine-et-Marne.<\/p>\n\n\n\n<figure class=\"wp-block-image\"><img loading=\"lazy\" decoding=\"async\" width=\"287\" height=\"177\" src=\"https:\/\/www.lyceelafayette.fr\/wp-content\/uploads\/2019\/05\/vieuxAtelier1.jpg\" alt=\"\" class=\"wp-image-1909\" srcset=\"https:\/\/www.lyceelafayette.fr\/wp-content\/uploads\/2019\/05\/vieuxAtelier1.jpg 287w, https:\/\/www.lyceelafayette.fr\/wp-content\/uploads\/2019\/05\/vieuxAtelier1-150x93.jpg 150w\" sizes=\"auto, (max-width: 287px) 100vw, 287px\" \/><\/figure>\n\n\n\n<p>&nbsp;<strong>Cr\u00e9ation de l\u2019\u0153uvre des pupilles de la nation<\/strong>   \n<\/p>\n\n\n\n<p>En 1919, une poign\u00e9e d\u2019hommes d\u00e9vou\u00e9s \u00e0 la cause des orphelins de  guerre, anim\u00e9s d\u2019un d\u00e9vouement sans borne, acquit &nbsp;\u00ab\u00a0les C\u00e9lestins\u00a0\u00bb pour  recueillir les Pupilles de la Nation et leur apprendre un m\u00e9tier  manuel. L\u2019argent des \u00e9coliers am\u00e9ricains et les multiples dons vont  permettre d\u2019accro\u00eetre le patrimoine de l\u2019\u0153uvre qui constituera un  ensemble unique en France pour l\u2019\u00e9poque. Elle poss\u00e9dera d\u00e8s lors&nbsp;: les  Pressoirs du Roy, La Fayette, Uruguay-France, et Pittsburgh plus tard.<\/p>\n\n\n\n<p>R\u00e9serv\u00e9e uniquement aux Pupilles de la Nation, l\u2019\u00e9cole eut malgr\u00e9  tout une vie toujours difficile. A partir de 1926, l\u2019\u00c9tat payant le  personnel dirigeant et enseignant ainsi que le personnel technique, les  budgets furent soulag\u00e9s. Des constructions nouvelles furent  entreprises, des ateliers agrandis, des machines-outils vinrent se  ranger aupr\u00e8s de celles pr\u00eat\u00e9es obligeamment par l\u2019usine Schneider. Les  \u00e9l\u00e8ves des communes voisines admis en qualit\u00e9 d\u2019\u00e9l\u00e8ves payants (internes  \u2013 externes \u2013 \u00bd pensionnaires), l\u2019attribution des bourses, les  subventions arrach\u00e9es par le ton persuasif du pr\u00e9sident de l\u2019\u0153uvre et la possibilit\u00e9, d\u00e8s 1929, de percevoir une partie de la taxe d\u2019apprentissage  vont rendre la vie de l\u2019\u00e9cole moins dure\u2026<\/p>\n\n\n\n<figure class=\"wp-block-image\"><img loading=\"lazy\" decoding=\"async\" width=\"288\" height=\"215\" src=\"https:\/\/www.lyceelafayette.fr\/wp-content\/uploads\/2019\/05\/La_Fayette40_50.jpg\" alt=\"\" class=\"wp-image-1908\" srcset=\"https:\/\/www.lyceelafayette.fr\/wp-content\/uploads\/2019\/05\/La_Fayette40_50.jpg 288w, https:\/\/www.lyceelafayette.fr\/wp-content\/uploads\/2019\/05\/La_Fayette40_50-150x112.jpg 150w\" sizes=\"auto, (max-width: 288px) 100vw, 288px\" \/><\/figure>\n\n\n\n<p>&nbsp;<strong>Fusion de l\u2019\u00c9cole La Fayette avec l\u2019\u00c9cole Schneider<\/strong>   \n<\/p>\n\n\n\n<p>Parall\u00e8lement, existait \u00e0 Champagne, l\u2019\u00e9cole de l\u2019usine Schneider qui\n formait les ouvriers et les futurs techniciens de cette entreprise.<\/p>\n\n\n\n<p>Deux \u00e9coles de m\u00eame utilit\u00e9 ne pouvaient que gagner \u00e0 s\u2019unir et c\u2019est  ainsi que M. Oberhauser, directeur de l\u2019usine de l\u2019\u00e9poque, accepta la  fusion. D\u00e8s 1931, M. Ferrand, directeur de l\u2019\u00e9cole Schneider, unissait  ses services \u00e0 ceux de La Fayette pour une entente \u00e9cole-usine, fait rare en France, \u00e0 ce moment-l\u00e0. L\u2019excellent accueil r\u00e9serv\u00e9 par les chefs \u00e0  cette usine, l\u2019assistance technique accord\u00e9e sans compter, les  d\u00e9pannages pour les ennuis internes et particuli\u00e8rement dans le secteur  \u00e9lectrique, ex\u00e9cut\u00e9s dans une loyale et efficace collaboration, vont  couler les \u00e9l\u00e9ments de la r\u00e9ussite de l\u2019\u00e9cole qui comptera 222 \u00e9l\u00e8ves en  1939.<\/p>\n\n\n\n<figure class=\"wp-block-image\"><img loading=\"lazy\" decoding=\"async\" width=\"301\" height=\"238\" src=\"https:\/\/www.lyceelafayette.fr\/wp-content\/uploads\/2019\/05\/Construction.jpg\" alt=\"\" class=\"wp-image-1906\" srcset=\"https:\/\/www.lyceelafayette.fr\/wp-content\/uploads\/2019\/05\/Construction.jpg 301w, https:\/\/www.lyceelafayette.fr\/wp-content\/uploads\/2019\/05\/Construction-300x237.jpg 300w, https:\/\/www.lyceelafayette.fr\/wp-content\/uploads\/2019\/05\/Construction-150x119.jpg 150w\" sizes=\"auto, (max-width: 301px) 100vw, 301px\" \/><\/figure>\n\n\n\n<p>&nbsp;<strong>\u00c9volution des \u00e9coles La Fayette-Pittsburgh<\/strong>    <\/p>\n\n\n\n<p>1930&nbsp;: l\u2019\u00e9cole est ouverte \u00e0 tous. 1945&nbsp;: M. Mersier est directeur, l\u2019enseignement passe sous l\u2019\u00e9gide de l\u2019\u00c9ducation Nationale et La Fayette devient coll\u00e8ge d\u2019enseignement  technique. Quelques ann\u00e9es plus tard, M. ROUX, directeur de l\u2019\u00e9tablissement,  obtient la mise en \u00e9tat des internats et la prise en charge de la gestion de l\u2019\u00e9cole par le d\u00e9partement. La Fayette devient lyc\u00e9e technique d\u00e9partemental. 1962&nbsp;: Directeur, M. COURET, le lyc\u00e9e technique d\u00e9partemental se transforme en \u00c9cole Nationale, avec la construction du nouvel ensemble :  salles de classes, gymnase, amphith\u00e9\u00e2tre, ateliers, internat qui  remplacent les b\u00e2timents \u00e9difi\u00e9s apr\u00e8s 1919.<\/p>\n\n\n\n<p><\/p>\n\n\n\n<p><\/p>\n\n\n\n<p><\/p>\n","protected":false},"excerpt":{"rendered":"<p>Avant 1914 Vue du lyc\u00e9e Au d\u00e9but du si\u00e8cle de Louis XIII existait \u00e0 l\u2019emplacement de l\u2019ancienne mairie de Champagne, place des C\u00e9lestins, un rendez-vous de chasse fr\u00e9quent\u00e9 par d\u2019\u00e9l\u00e9gantes chasseresses et de nobles chasseurs. Pr\u00e8s de l\u00e0 s\u2019\u00e9levait une construction bourgeoise de style Louis XIII, comportant un pavillon compos\u00e9&#8230; <a class=\"continue-reading-link\" href=\"https:\/\/www.lyceelafayette.fr\/index.php\/accueil\/\">lire la suite<\/a><\/p>\n","protected":false},"author":1,"featured_media":0,"parent":0,"menu_order":0,"comment_status":"closed","ping_status":"closed","template":"","meta":{"footnotes":""},"class_list":["post-269","page","type-page","status-publish","hentry"],"yoast_head":"<!-- This site is optimized with the Yoast SEO plugin v27.6 - https:\/\/yoast.com\/product\/yoast-seo-wordpress\/ -->\n<title>Un peu d\u2019histoire locale \u2026 - Lyc\u00e9e La Fayette<\/title>\n<meta name=\"robots\" content=\"index, follow, max-snippet:-1, max-image-preview:large, max-video-preview:-1\" \/>\n<link rel=\"canonical\" href=\"https:\/\/www.lyceelafayette.fr\/index.php\/accueil\/\" \/>\n<meta property=\"og:locale\" content=\"fr_FR\" \/>\n<meta property=\"og:type\" content=\"article\" \/>\n<meta property=\"og:title\" content=\"Un peu d\u2019histoire locale \u2026 - Lyc\u00e9e La Fayette\" \/>\n<meta property=\"og:description\" content=\"Avant 1914 Vue du lyc\u00e9e Au d\u00e9but du si\u00e8cle de Louis XIII existait \u00e0 l\u2019emplacement de l\u2019ancienne mairie de Champagne, place des C\u00e9lestins, un rendez-vous de chasse fr\u00e9quent\u00e9 par d\u2019\u00e9l\u00e9gantes chasseresses et de nobles chasseurs. Pr\u00e8s de l\u00e0 s\u2019\u00e9levait une construction bourgeoise de style Louis XIII, comportant un pavillon compos\u00e9... lire la suite\" \/>\n<meta property=\"og:url\" content=\"https:\/\/www.lyceelafayette.fr\/index.php\/accueil\/\" \/>\n<meta property=\"og:site_name\" content=\"Lyc\u00e9e La Fayette\" \/>\n<meta property=\"article:modified_time\" content=\"2021-01-15T14:11:22+00:00\" \/>\n<meta property=\"og:image\" content=\"https:\/\/www.lyceelafayette.fr\/wp-content\/uploads\/2019\/05\/Vue_champagne1.jpg\" \/>\n<meta name=\"twitter:card\" content=\"summary_large_image\" \/>\n<meta name=\"twitter:label1\" content=\"Dur\u00e9e de lecture estim\u00e9e\" \/>\n\t<meta name=\"twitter:data1\" content=\"4 minutes\" \/>\n<script type=\"application\/ld+json\" class=\"yoast-schema-graph\">{\"@context\":\"https:\\\/\\\/schema.org\",\"@graph\":[{\"@type\":\"WebPage\",\"@id\":\"https:\\\/\\\/www.lyceelafayette.fr\\\/index.php\\\/accueil\\\/\",\"url\":\"https:\\\/\\\/www.lyceelafayette.fr\\\/index.php\\\/accueil\\\/\",\"name\":\"Un peu d\u2019histoire locale \u2026 - Lyc\u00e9e La Fayette\",\"isPartOf\":{\"@id\":\"https:\\\/\\\/www.lyceelafayette.fr\\\/#website\"},\"primaryImageOfPage\":{\"@id\":\"https:\\\/\\\/www.lyceelafayette.fr\\\/index.php\\\/accueil\\\/#primaryimage\"},\"image\":{\"@id\":\"https:\\\/\\\/www.lyceelafayette.fr\\\/index.php\\\/accueil\\\/#primaryimage\"},\"thumbnailUrl\":\"https:\\\/\\\/www.lyceelafayette.fr\\\/wp-content\\\/uploads\\\/2019\\\/05\\\/Vue_champagne1.jpg\",\"datePublished\":\"2019-01-11T14:11:06+00:00\",\"dateModified\":\"2021-01-15T14:11:22+00:00\",\"breadcrumb\":{\"@id\":\"https:\\\/\\\/www.lyceelafayette.fr\\\/index.php\\\/accueil\\\/#breadcrumb\"},\"inLanguage\":\"fr-FR\",\"potentialAction\":[{\"@type\":\"ReadAction\",\"target\":[\"https:\\\/\\\/www.lyceelafayette.fr\\\/index.php\\\/accueil\\\/\"]}]},{\"@type\":\"ImageObject\",\"inLanguage\":\"fr-FR\",\"@id\":\"https:\\\/\\\/www.lyceelafayette.fr\\\/index.php\\\/accueil\\\/#primaryimage\",\"url\":\"https:\\\/\\\/www.lyceelafayette.fr\\\/wp-content\\\/uploads\\\/2019\\\/05\\\/Vue_champagne1.jpg\",\"contentUrl\":\"https:\\\/\\\/www.lyceelafayette.fr\\\/wp-content\\\/uploads\\\/2019\\\/05\\\/Vue_champagne1.jpg\",\"width\":251,\"height\":156},{\"@type\":\"BreadcrumbList\",\"@id\":\"https:\\\/\\\/www.lyceelafayette.fr\\\/index.php\\\/accueil\\\/#breadcrumb\",\"itemListElement\":[{\"@type\":\"ListItem\",\"position\":1,\"name\":\"Accueil\",\"item\":\"https:\\\/\\\/www.lyceelafayette.fr\\\/\"},{\"@type\":\"ListItem\",\"position\":2,\"name\":\"Un peu d\u2019histoire locale \u2026\"}]},{\"@type\":\"WebSite\",\"@id\":\"https:\\\/\\\/www.lyceelafayette.fr\\\/#website\",\"url\":\"https:\\\/\\\/www.lyceelafayette.fr\\\/\",\"name\":\"Lyc\u00e9e La Fayette\",\"description\":\"\",\"publisher\":{\"@id\":\"https:\\\/\\\/www.lyceelafayette.fr\\\/#organization\"},\"potentialAction\":[{\"@type\":\"SearchAction\",\"target\":{\"@type\":\"EntryPoint\",\"urlTemplate\":\"https:\\\/\\\/www.lyceelafayette.fr\\\/?s={search_term_string}\"},\"query-input\":{\"@type\":\"PropertyValueSpecification\",\"valueRequired\":true,\"valueName\":\"search_term_string\"}}],\"inLanguage\":\"fr-FR\"},{\"@type\":\"Organization\",\"@id\":\"https:\\\/\\\/www.lyceelafayette.fr\\\/#organization\",\"name\":\"Lyc\u00e9e La Fayette\",\"url\":\"https:\\\/\\\/www.lyceelafayette.fr\\\/\",\"logo\":{\"@type\":\"ImageObject\",\"inLanguage\":\"fr-FR\",\"@id\":\"https:\\\/\\\/www.lyceelafayette.fr\\\/#\\\/schema\\\/logo\\\/image\\\/\",\"url\":\"https:\\\/\\\/www.lyceelafayette.fr\\\/wp-content\\\/uploads\\\/2019\\\/06\\\/llf_logo_alpha.png\",\"contentUrl\":\"https:\\\/\\\/www.lyceelafayette.fr\\\/wp-content\\\/uploads\\\/2019\\\/06\\\/llf_logo_alpha.png\",\"width\":1583,\"height\":792,\"caption\":\"Lyc\u00e9e La Fayette\"},\"image\":{\"@id\":\"https:\\\/\\\/www.lyceelafayette.fr\\\/#\\\/schema\\\/logo\\\/image\\\/\"},\"sameAs\":[\"https:\\\/\\\/www.youtube.com\\\/channel\\\/UC2AOQowoMGBKdY4ToZsf9mw\"]}]}<\/script>\n<!-- \/ Yoast SEO plugin. -->","yoast_head_json":{"title":"Un peu d\u2019histoire locale \u2026 - Lyc\u00e9e La Fayette","robots":{"index":"index","follow":"follow","max-snippet":"max-snippet:-1","max-image-preview":"max-image-preview:large","max-video-preview":"max-video-preview:-1"},"canonical":"https:\/\/www.lyceelafayette.fr\/index.php\/accueil\/","og_locale":"fr_FR","og_type":"article","og_title":"Un peu d\u2019histoire locale \u2026 - Lyc\u00e9e La Fayette","og_description":"Avant 1914 Vue du lyc\u00e9e Au d\u00e9but du si\u00e8cle de Louis XIII existait \u00e0 l\u2019emplacement de l\u2019ancienne mairie de Champagne, place des C\u00e9lestins, un rendez-vous de chasse fr\u00e9quent\u00e9 par d\u2019\u00e9l\u00e9gantes chasseresses et de nobles chasseurs. Pr\u00e8s de l\u00e0 s\u2019\u00e9levait une construction bourgeoise de style Louis XIII, comportant un pavillon compos\u00e9... lire la suite","og_url":"https:\/\/www.lyceelafayette.fr\/index.php\/accueil\/","og_site_name":"Lyc\u00e9e La Fayette","article_modified_time":"2021-01-15T14:11:22+00:00","og_image":[{"url":"https:\/\/www.lyceelafayette.fr\/wp-content\/uploads\/2019\/05\/Vue_champagne1.jpg","type":"","width":"","height":""}],"twitter_card":"summary_large_image","twitter_misc":{"Dur\u00e9e de lecture estim\u00e9e":"4 minutes"},"schema":{"@context":"https:\/\/schema.org","@graph":[{"@type":"WebPage","@id":"https:\/\/www.lyceelafayette.fr\/index.php\/accueil\/","url":"https:\/\/www.lyceelafayette.fr\/index.php\/accueil\/","name":"Un peu d\u2019histoire locale \u2026 - Lyc\u00e9e La Fayette","isPartOf":{"@id":"https:\/\/www.lyceelafayette.fr\/#website"},"primaryImageOfPage":{"@id":"https:\/\/www.lyceelafayette.fr\/index.php\/accueil\/#primaryimage"},"image":{"@id":"https:\/\/www.lyceelafayette.fr\/index.php\/accueil\/#primaryimage"},"thumbnailUrl":"https:\/\/www.lyceelafayette.fr\/wp-content\/uploads\/2019\/05\/Vue_champagne1.jpg","datePublished":"2019-01-11T14:11:06+00:00","dateModified":"2021-01-15T14:11:22+00:00","breadcrumb":{"@id":"https:\/\/www.lyceelafayette.fr\/index.php\/accueil\/#breadcrumb"},"inLanguage":"fr-FR","potentialAction":[{"@type":"ReadAction","target":["https:\/\/www.lyceelafayette.fr\/index.php\/accueil\/"]}]},{"@type":"ImageObject","inLanguage":"fr-FR","@id":"https:\/\/www.lyceelafayette.fr\/index.php\/accueil\/#primaryimage","url":"https:\/\/www.lyceelafayette.fr\/wp-content\/uploads\/2019\/05\/Vue_champagne1.jpg","contentUrl":"https:\/\/www.lyceelafayette.fr\/wp-content\/uploads\/2019\/05\/Vue_champagne1.jpg","width":251,"height":156},{"@type":"BreadcrumbList","@id":"https:\/\/www.lyceelafayette.fr\/index.php\/accueil\/#breadcrumb","itemListElement":[{"@type":"ListItem","position":1,"name":"Accueil","item":"https:\/\/www.lyceelafayette.fr\/"},{"@type":"ListItem","position":2,"name":"Un peu d\u2019histoire locale \u2026"}]},{"@type":"WebSite","@id":"https:\/\/www.lyceelafayette.fr\/#website","url":"https:\/\/www.lyceelafayette.fr\/","name":"Lyc\u00e9e La Fayette","description":"","publisher":{"@id":"https:\/\/www.lyceelafayette.fr\/#organization"},"potentialAction":[{"@type":"SearchAction","target":{"@type":"EntryPoint","urlTemplate":"https:\/\/www.lyceelafayette.fr\/?s={search_term_string}"},"query-input":{"@type":"PropertyValueSpecification","valueRequired":true,"valueName":"search_term_string"}}],"inLanguage":"fr-FR"},{"@type":"Organization","@id":"https:\/\/www.lyceelafayette.fr\/#organization","name":"Lyc\u00e9e La Fayette","url":"https:\/\/www.lyceelafayette.fr\/","logo":{"@type":"ImageObject","inLanguage":"fr-FR","@id":"https:\/\/www.lyceelafayette.fr\/#\/schema\/logo\/image\/","url":"https:\/\/www.lyceelafayette.fr\/wp-content\/uploads\/2019\/06\/llf_logo_alpha.png","contentUrl":"https:\/\/www.lyceelafayette.fr\/wp-content\/uploads\/2019\/06\/llf_logo_alpha.png","width":1583,"height":792,"caption":"Lyc\u00e9e La Fayette"},"image":{"@id":"https:\/\/www.lyceelafayette.fr\/#\/schema\/logo\/image\/"},"sameAs":["https:\/\/www.youtube.com\/channel\/UC2AOQowoMGBKdY4ToZsf9mw"]}]}},"_links":{"self":[{"href":"https:\/\/www.lyceelafayette.fr\/index.php\/wp-json\/wp\/v2\/pages\/269","targetHints":{"allow":["GET"]}}],"collection":[{"href":"https:\/\/www.lyceelafayette.fr\/index.php\/wp-json\/wp\/v2\/pages"}],"about":[{"href":"https:\/\/www.lyceelafayette.fr\/index.php\/wp-json\/wp\/v2\/types\/page"}],"author":[{"embeddable":true,"href":"https:\/\/www.lyceelafayette.fr\/index.php\/wp-json\/wp\/v2\/users\/1"}],"replies":[{"embeddable":true,"href":"https:\/\/www.lyceelafayette.fr\/index.php\/wp-json\/wp\/v2\/comments?post=269"}],"version-history":[{"count":8,"href":"https:\/\/www.lyceelafayette.fr\/index.php\/wp-json\/wp\/v2\/pages\/269\/revisions"}],"predecessor-version":[{"id":3396,"href":"https:\/\/www.lyceelafayette.fr\/index.php\/wp-json\/wp\/v2\/pages\/269\/revisions\/3396"}],"wp:attachment":[{"href":"https:\/\/www.lyceelafayette.fr\/index.php\/wp-json\/wp\/v2\/media?parent=269"}],"curies":[{"name":"wp","href":"https:\/\/api.w.org\/{rel}","templated":true}]}}