{"id":243,"date":"2019-01-11T14:09:05","date_gmt":"2019-01-11T13:09:05","guid":{"rendered":"http:\/\/www.lyceelafayette.fr\/?page_id=243"},"modified":"2026-04-16T14:50:45","modified_gmt":"2026-04-16T12:50:45","slug":"melec-metiers-de-lelectricite","status":"publish","type":"page","link":"https:\/\/www.lyceelafayette.fr\/index.php\/formations\/melec-metiers-de-lelectricite\/","title":{"rendered":"M\u00c9TIERS DE L\u2019\u00c9LECTRICIT\u00c9"},"content":{"rendered":"\n<p><\/p>\n\n\n\n<h2 class=\"wp-block-heading\"><strong>Les m\u00e9tiers de l&rsquo;\u00e9lectric<\/strong>it\u00e9, du CAP \u00e9lectricien, bac pro MELEC au BTS \u00e9lectrotechnique.<\/h2>\n\n\n\n<figure class=\"wp-block-image size-large\"><img loading=\"lazy\" decoding=\"async\" width=\"1024\" height=\"648\" src=\"https:\/\/www.lyceelafayette.fr\/wp-content\/uploads\/2021\/02\/representation-Electrotechnique--1024x648.png\" alt=\"\" class=\"wp-image-3654\" srcset=\"https:\/\/www.lyceelafayette.fr\/wp-content\/uploads\/2021\/02\/representation-Electrotechnique--1024x648.png 1024w, https:\/\/www.lyceelafayette.fr\/wp-content\/uploads\/2021\/02\/representation-Electrotechnique--300x190.png 300w, https:\/\/www.lyceelafayette.fr\/wp-content\/uploads\/2021\/02\/representation-Electrotechnique--768x486.png 768w, https:\/\/www.lyceelafayette.fr\/wp-content\/uploads\/2021\/02\/representation-Electrotechnique--150x95.png 150w, https:\/\/www.lyceelafayette.fr\/wp-content\/uploads\/2021\/02\/representation-Electrotechnique-.png 1028w\" sizes=\"auto, (max-width: 1024px) 100vw, 1024px\" \/><\/figure>\n\n\n\n<p>Consid\u00e9rant les enjeux de la transition \u00e9nerg\u00e9tique et l\u2019\u00e9volution des techniques et des technologies num\u00e9riques, les m\u00e9tiers de l\u2019\u00e9lectricit\u00e9 mettent en \u0153uvre et interviennent sur les installations \u00e9lectriques et les r\u00e9seaux de communication des domaines de la production, du transport, de la distribution, de la transformation et de la ma\u00eetrise de l\u2019\u00e9nergie \u00e9lectrique.<\/p>\n\n\n\n<p>Les b\u00e2timents deviennent intelligents et communicants. L&rsquo;\u00e9lectricit\u00e9 permet, \u00e0 travers des syst\u00e8mes centralis\u00e9s, de r\u00e9pondre au confort de l&rsquo;usager et \u00e0 la gestion de diff\u00e9rents dispositifs (stores, volets roulants, entr\u00e9es d&rsquo;air, domotique&#8230;). Dans l&rsquo;industrie, les m\u00e9tiers de l&rsquo;\u00e9lectricit\u00e9 permettront d&rsquo;optimiser les \u00e9quipements (r\u00e9novation \u00e9lectrique, contr\u00f4le de la consommation d&rsquo;\u00e9nergie,  automatisme&#8230;). <\/p>\n\n\n\n<p><\/p>\n\n\n\n<p>Les m\u00e9tiers de l&rsquo;\u00e9lectricit\u00e9 sont accessibles par le <a href=\"https:\/\/www.lyceelafayette.fr\/index.php\/cap-electricien\/\"><span style=\"text-decoration: underline;\">CAP \u00e9lectricien<\/span><\/a>,  <a href=\"https:\/\/www.lyceelafayette.fr\/index.php\/formations\/sti2d\/\"><span style=\"text-decoration: underline;\">BACCALAUR\u00c9AT TECHNOLOGIQUE STI 2D<\/span><\/a>, <a href=\"https:\/\/www.lyceelafayette.fr\/index.php\/bac-pro-melec-metiers-de-lelectricite-et-de-ses-environnements-connectes\/\"><span style=\"text-decoration: underline;\">BACCALAUR\u00c9AT PROFESSIONNEL MELEC<\/span><\/a> et le <span style=\"text-decoration: underline;\"><a href=\"https:\/\/www.lyceelafayette.fr\/index.php\/bts-elecrotechnique\/\">BTS \u00e9lectrotechnique<\/a><em> <\/em><\/span><\/p>\n\n\n\n<p>Dans le cadre de la r\u00e9forme du lyc\u00e9e professionnel, \u00e0 partir de la rentr\u00e9e de septembre 2021, le bac professionnel MELEC est accessible par la seconde <strong><em><span style=\"text-decoration: underline;\"><a href=\"https:\/\/www.lyceelafayette.fr\/index.php\/formations\/melec-metiers-de-lelectricite\/la-seconde-famille-des-metiers-systemes-numeriques-et-de-la-transition-energetique\/\">\u00ab\u00a0Famille des m\u00e9tiers des Transitions Num\u00e9rique et Energ\u00e9tique\u00a0\u00bb<\/a><\/span><\/em><\/strong>.<\/p>\n\n\n\n<p><\/p>\n\n\n\n<p><h2><strong><span style=\"text-decoration: underline;\">Organisation de la famille de m\u00e9tiers du num\u00e9rique et de la transition \u00e9nerg\u00e9tique du bac au BTS au lyc\u00e9e LA FAYETTE<\/span><\/strong><\/h2><\/p>\n\n\n\n<p class=\"has-text-align-center\">Pour en savoir plus, cliquez sur les : <img loading=\"lazy\" decoding=\"async\" width=\"35\" height=\"35\" class=\"wp-image-3638\" style=\"width: 35px;\" src=\"https:\/\/www.lyceelafayette.fr\/wp-content\/uploads\/2021\/02\/bouton-2.png\" alt=\"\"><\/p>\n\n\n<p><map name=\"organigramme3\"> <!-- Troisi\u00e8me Pr\u00e9pa-m\u00e9tiers --> \n<area alt=\"Troisieme\" coords=\"0,0,800,30\" shape=\"rect\" href=\"https:\/\/www.lyceelafayette.fr\/index.php\/formations\/3eme-dp6\/\" target=\"_self\" \/>\n <!-- seconde G\u00e9n\u00e9rale et Techno --> \n<area alt=\"Seconde G\u00e9n\u00e9rale et Technologique\" coords=\"10,44,212,105\" shape=\"rect\" href=\"https:\/\/www.lyceelafayette.fr\/index.php\/formations\/secondes\/\" target=\"_self\" \/>\n <!-- seconde Numerique et Transition Energetique --> \n<area alt=\"Seconde NTE\" coords=\"300,44,600,105\" shape=\"rect\" href=\"https:\/\/www.lyceelafayette.fr\/index.php\/formations\/melec-metiers-de-lelectricite\/la-seconde-famille-des-metiers-systemes-numeriques-et-de-la-transition-energetique\/\" target=\"_self\" \/>\n <!-- CAP Electricien --> \n<area alt=\"Seconde NTE\" coords=\"650,44,780,105\" shape=\"rect\" href=\"https:\/\/www.lyceelafayette.fr\/index.php\/cap-electricien\" target=\"_self\" \/>\n <!-- seconde STD2I --> \n<area alt=\"Seconde STD2I\" coords=\"5,140,215,195\" shape=\"rect\" href=\"https:\/\/www.lyceelafayette.fr\/index.php\/formations\/sti2d\/\" target=\"_self\" \/>\n <!-- 1\u00e8re SN RISC --> \n<area alt=\"Bac Professionnel RISC\" coords=\"245,130,420,200\" shape=\"rect\" href=\"https:\/\/www.lyceelafayette.fr\/index.php\/baccalaureat-pro-systemes-numeriques-option-b-risc\/\" target=\"_self\" \/>\n <!-- 1\u00e8re SSIHT --> \n<area alt=\"Bac Professionnel SSIHT\" coords=\"445,130,595,200\" shape=\"rect\" href=\"https:\/\/www.lyceelafayette.fr\/index.php\/baccalaureat-pro-systemes-numeriques-option-a-ssiht\/\" target=\"_self\" \/>\n <!-- 1\u00e8re MELEC --> \n<area alt=\"Bac Professionnel MELEC\" coords=\"640,130,780,200\" shape=\"rect\" href=\"https:\/\/www.lyceelafayette.fr\/index.php\/bac-pro-melec\/\" target=\"_self\" \/>\n <!-- BTS SN IR --> \n<area alt=\"BTS SN IR\" coords=\"10,264,188,320\" shape=\"rect\" href=\"https:\/\/www.lyceelafayette.fr\/index.php\/formations\/systemes-numeriques\/bts-sn-informatique-et-reseaux\/\" target=\"_self\" \/>\n <!-- BTS SN EC --> \n<area alt=\"BTS SN EC\" coords=\"215,264,390,320\" shape=\"rect\" href=\"https:\/\/www.lyceelafayette.fr\/index.php\/bts-sn-electronique-et-communication\/\" target=\"_self\" \/>\n <!-- BTS SN ET --> \n<area alt=\"BTS SN ET\" coords=\"420,264,600,320\" shape=\"rect\" href=\"https:\/\/www.lyceelafayette.fr\/index.php\/bts-elecrotechnique\/\" target=\"_self\" \/>\n <!-- Classe Pr\u00e9pa ATS --> \n<area alt=\"Classe pr\u00e9paratoire ATS\" coords=\"10,355,600,395\" shape=\"rect\" href=\"https:\/\/www.lyceelafayette.fr\/index.php\/classe-preparatoire-ats\/\" target=\"_self\" \/>\n<\/map><\/p>\n\n\n<figure class=\"aligncenter size-large\"><img loading=\"lazy\" decoding=\"async\" width=\"932\" height=\"463\" src=\"https:\/\/www.lyceelafayette.fr\/wp-content\/uploads\/2021\/02\/image-3.png\" alt=\"\" class=\"wp-image-3607\" usemap=\"#organigramme3\" srcset=\"https:\/\/www.lyceelafayette.fr\/wp-content\/uploads\/2021\/02\/image-3.png 932w, https:\/\/www.lyceelafayette.fr\/wp-content\/uploads\/2021\/02\/image-3-300x149.png 300w, https:\/\/www.lyceelafayette.fr\/wp-content\/uploads\/2021\/02\/image-3-768x382.png 768w, https:\/\/www.lyceelafayette.fr\/wp-content\/uploads\/2021\/02\/image-3-150x75.png 150w\" sizes=\"auto, (max-width: 932px) 100vw, 932px\" \/><\/figure>\n\n\n\n<p>Les formations en milieu professionnel comportent plusieurs P\u00e9riodes de Formation en Milieu Professionnel (PFMP ou stage). La formation <a href=\"https:\/\/www.lyceelafayette.fr\/index.php\/bac-pro-melec-metiers-de-lelectricite-et-de-ses-environnements-connectes\/\"><em>baccalaur\u00e9at Professionnel MELEC<\/em> <\/a>se compose de 6 semaines en seconde, 8 semaines en premi\u00e8re et 8 semaines en terminale.<\/p>\n\n\n\n<p>Sous la responsabilit\u00e9 d&rsquo;un tuteur et en accord avec le lyc\u00e9e et ses enseignants, cette p\u00e9riode d&rsquo;immersion dans le monde professionnel est l&rsquo;occasion de compl\u00e9ter sa formation et d&rsquo;acqu\u00e9rir des comp\u00e9tences professionnelles solides.<\/p>\n\n\n\n<h2 class=\"wp-block-heading\"><span style=\"text-decoration: underline;\">Poursuite des \u00e9tudes :<\/span><\/h2>\n\n\n\n<p>L&rsquo;obtention du baccalaur\u00e9at professionnel peut permettre de s&rsquo;ins\u00e9rer directement dans la vie active ou de poursuivre ses \u00e9tudes.<\/p>\n\n\n\n<p>Ces \u00e9tudes sup\u00e9rieures sont accessibles \u00e9galement via le BACCALAREAT TECHNOLOGIQUE STI 2D ou GENERAL.<\/p>\n\n\n\n<p><span style=\"text-decoration: underline;\">Au lyc\u00e9e La Fayette, 3 BTS sont propos\u00e9s :<\/span><\/p>\n\n\n\n<ul class=\"wp-block-list\">\n<li>Le <a href=\"https:\/\/www.lyceelafayette.fr\/index.php\/bts-elecrotechnique\/\"><strong>BTS Electrotechnique (ET)<\/strong><\/a><\/li>\n\n\n\n<li>LE <strong><a href=\"https:\/\/www.lyceelafayette.fr\/index.php\/formations\/systemes-numeriques\/bts-sn-informatique-et-reseaux\/\">BTS Syst\u00e8mes Num\u00e9riques option A informatique et r\u00e9seaux (SNIR)<\/a><\/strong><\/li>\n\n\n\n<li>Le <a href=\"https:\/\/www.lyceelafayette.fr\/index.php\/bts-sn-electronique-et-communication\/\"><strong>BTS Syst\u00e8mes Num\u00e9riques option B \u00e9lectronique et communications (SNEC)<\/strong><\/a><\/li>\n<\/ul>\n\n\n\n<p><\/p>\n","protected":false},"excerpt":{"rendered":"<p>Les m\u00e9tiers de l&rsquo;\u00e9lectricit\u00e9, du CAP \u00e9lectricien, bac pro MELEC au BTS \u00e9lectrotechnique. Consid\u00e9rant les enjeux de la transition \u00e9nerg\u00e9tique et l\u2019\u00e9volution des techniques et des technologies num\u00e9riques, les m\u00e9tiers de l\u2019\u00e9lectricit\u00e9 mettent en \u0153uvre et interviennent sur les installations \u00e9lectriques et les r\u00e9seaux de communication des domaines de la&#8230; <a class=\"continue-reading-link\" href=\"https:\/\/www.lyceelafayette.fr\/index.php\/formations\/melec-metiers-de-lelectricite\/\">lire la suite<\/a><\/p>\n","protected":false},"author":1,"featured_media":0,"parent":266,"menu_order":0,"comment_status":"closed","ping_status":"closed","template":"","meta":{"footnotes":""},"class_list":["post-243","page","type-page","status-publish","hentry"],"yoast_head":"<!-- This site is optimized with the Yoast SEO plugin v27.5 - https:\/\/yoast.com\/product\/yoast-seo-wordpress\/ -->\n<title>M\u00c9TIERS DE L\u2019\u00c9LECTRICIT\u00c9 - Lyc\u00e9e La Fayette<\/title>\n<meta name=\"description\" content=\"M\u00e9tiers de l&#039;Electrotechnique au Lyc\u00e9e LA FAYETTE\" \/>\n<meta name=\"robots\" content=\"index, follow, max-snippet:-1, max-image-preview:large, max-video-preview:-1\" \/>\n<link rel=\"canonical\" href=\"https:\/\/www.lyceelafayette.fr\/index.php\/formations\/melec-metiers-de-lelectricite\/\" \/>\n<meta property=\"og:locale\" content=\"fr_FR\" \/>\n<meta property=\"og:type\" content=\"article\" \/>\n<meta property=\"og:title\" content=\"M\u00c9TIERS DE L\u2019\u00c9LECTRICIT\u00c9 - Lyc\u00e9e La Fayette\" \/>\n<meta property=\"og:description\" content=\"M\u00e9tiers de l&#039;Electrotechnique au Lyc\u00e9e LA FAYETTE\" \/>\n<meta property=\"og:url\" content=\"https:\/\/www.lyceelafayette.fr\/index.php\/formations\/melec-metiers-de-lelectricite\/\" \/>\n<meta property=\"og:site_name\" content=\"Lyc\u00e9e La Fayette\" \/>\n<meta property=\"article:modified_time\" content=\"2026-04-16T12:50:45+00:00\" \/>\n<meta property=\"og:image\" content=\"https:\/\/www.lyceelafayette.fr\/wp-content\/uploads\/2021\/02\/representation-Electrotechnique-.png\" \/>\n\t<meta property=\"og:image:width\" content=\"1028\" \/>\n\t<meta property=\"og:image:height\" content=\"651\" \/>\n\t<meta property=\"og:image:type\" content=\"image\/png\" \/>\n<meta name=\"twitter:card\" content=\"summary_large_image\" \/>\n<meta name=\"twitter:label1\" content=\"Dur\u00e9e de lecture estim\u00e9e\" \/>\n\t<meta name=\"twitter:data1\" content=\"3 minutes\" \/>\n<script type=\"application\/ld+json\" class=\"yoast-schema-graph\">{\"@context\":\"https:\\\/\\\/schema.org\",\"@graph\":[{\"@type\":\"WebPage\",\"@id\":\"https:\\\/\\\/www.lyceelafayette.fr\\\/index.php\\\/formations\\\/melec-metiers-de-lelectricite\\\/\",\"url\":\"https:\\\/\\\/www.lyceelafayette.fr\\\/index.php\\\/formations\\\/melec-metiers-de-lelectricite\\\/\",\"name\":\"M\u00c9TIERS DE L\u2019\u00c9LECTRICIT\u00c9 - Lyc\u00e9e La Fayette\",\"isPartOf\":{\"@id\":\"https:\\\/\\\/www.lyceelafayette.fr\\\/#website\"},\"primaryImageOfPage\":{\"@id\":\"https:\\\/\\\/www.lyceelafayette.fr\\\/index.php\\\/formations\\\/melec-metiers-de-lelectricite\\\/#primaryimage\"},\"image\":{\"@id\":\"https:\\\/\\\/www.lyceelafayette.fr\\\/index.php\\\/formations\\\/melec-metiers-de-lelectricite\\\/#primaryimage\"},\"thumbnailUrl\":\"https:\\\/\\\/www.lyceelafayette.fr\\\/wp-content\\\/uploads\\\/2021\\\/02\\\/representation-Electrotechnique--1024x648.png\",\"datePublished\":\"2019-01-11T13:09:05+00:00\",\"dateModified\":\"2026-04-16T12:50:45+00:00\",\"description\":\"M\u00e9tiers de l'Electrotechnique au Lyc\u00e9e LA FAYETTE\",\"breadcrumb\":{\"@id\":\"https:\\\/\\\/www.lyceelafayette.fr\\\/index.php\\\/formations\\\/melec-metiers-de-lelectricite\\\/#breadcrumb\"},\"inLanguage\":\"fr-FR\",\"potentialAction\":[{\"@type\":\"ReadAction\",\"target\":[\"https:\\\/\\\/www.lyceelafayette.fr\\\/index.php\\\/formations\\\/melec-metiers-de-lelectricite\\\/\"]}]},{\"@type\":\"ImageObject\",\"inLanguage\":\"fr-FR\",\"@id\":\"https:\\\/\\\/www.lyceelafayette.fr\\\/index.php\\\/formations\\\/melec-metiers-de-lelectricite\\\/#primaryimage\",\"url\":\"https:\\\/\\\/www.lyceelafayette.fr\\\/wp-content\\\/uploads\\\/2021\\\/02\\\/representation-Electrotechnique-.png\",\"contentUrl\":\"https:\\\/\\\/www.lyceelafayette.fr\\\/wp-content\\\/uploads\\\/2021\\\/02\\\/representation-Electrotechnique-.png\",\"width\":1028,\"height\":651},{\"@type\":\"BreadcrumbList\",\"@id\":\"https:\\\/\\\/www.lyceelafayette.fr\\\/index.php\\\/formations\\\/melec-metiers-de-lelectricite\\\/#breadcrumb\",\"itemListElement\":[{\"@type\":\"ListItem\",\"position\":1,\"name\":\"Accueil\",\"item\":\"https:\\\/\\\/www.lyceelafayette.fr\\\/\"},{\"@type\":\"ListItem\",\"position\":2,\"name\":\"Nos formations g\u00e9n\u00e9rales\",\"item\":\"https:\\\/\\\/www.lyceelafayette.fr\\\/index.php\\\/formations\\\/\"},{\"@type\":\"ListItem\",\"position\":3,\"name\":\"M\u00c9TIERS DE L\u2019\u00c9LECTRICIT\u00c9\"}]},{\"@type\":\"WebSite\",\"@id\":\"https:\\\/\\\/www.lyceelafayette.fr\\\/#website\",\"url\":\"https:\\\/\\\/www.lyceelafayette.fr\\\/\",\"name\":\"Lyc\u00e9e La Fayette\",\"description\":\"\",\"publisher\":{\"@id\":\"https:\\\/\\\/www.lyceelafayette.fr\\\/#organization\"},\"potentialAction\":[{\"@type\":\"SearchAction\",\"target\":{\"@type\":\"EntryPoint\",\"urlTemplate\":\"https:\\\/\\\/www.lyceelafayette.fr\\\/?s={search_term_string}\"},\"query-input\":{\"@type\":\"PropertyValueSpecification\",\"valueRequired\":true,\"valueName\":\"search_term_string\"}}],\"inLanguage\":\"fr-FR\"},{\"@type\":\"Organization\",\"@id\":\"https:\\\/\\\/www.lyceelafayette.fr\\\/#organization\",\"name\":\"Lyc\u00e9e La Fayette\",\"url\":\"https:\\\/\\\/www.lyceelafayette.fr\\\/\",\"logo\":{\"@type\":\"ImageObject\",\"inLanguage\":\"fr-FR\",\"@id\":\"https:\\\/\\\/www.lyceelafayette.fr\\\/#\\\/schema\\\/logo\\\/image\\\/\",\"url\":\"https:\\\/\\\/www.lyceelafayette.fr\\\/wp-content\\\/uploads\\\/2019\\\/06\\\/llf_logo_alpha.png\",\"contentUrl\":\"https:\\\/\\\/www.lyceelafayette.fr\\\/wp-content\\\/uploads\\\/2019\\\/06\\\/llf_logo_alpha.png\",\"width\":1583,\"height\":792,\"caption\":\"Lyc\u00e9e La Fayette\"},\"image\":{\"@id\":\"https:\\\/\\\/www.lyceelafayette.fr\\\/#\\\/schema\\\/logo\\\/image\\\/\"},\"sameAs\":[\"https:\\\/\\\/www.youtube.com\\\/channel\\\/UC2AOQowoMGBKdY4ToZsf9mw\"]}]}<\/script>\n<!-- \/ Yoast SEO plugin. -->","yoast_head_json":{"title":"M\u00c9TIERS DE L\u2019\u00c9LECTRICIT\u00c9 - Lyc\u00e9e La Fayette","description":"M\u00e9tiers de l'Electrotechnique au Lyc\u00e9e LA FAYETTE","robots":{"index":"index","follow":"follow","max-snippet":"max-snippet:-1","max-image-preview":"max-image-preview:large","max-video-preview":"max-video-preview:-1"},"canonical":"https:\/\/www.lyceelafayette.fr\/index.php\/formations\/melec-metiers-de-lelectricite\/","og_locale":"fr_FR","og_type":"article","og_title":"M\u00c9TIERS DE L\u2019\u00c9LECTRICIT\u00c9 - Lyc\u00e9e La Fayette","og_description":"M\u00e9tiers de l'Electrotechnique au Lyc\u00e9e LA FAYETTE","og_url":"https:\/\/www.lyceelafayette.fr\/index.php\/formations\/melec-metiers-de-lelectricite\/","og_site_name":"Lyc\u00e9e La Fayette","article_modified_time":"2026-04-16T12:50:45+00:00","og_image":[{"width":1028,"height":651,"url":"https:\/\/www.lyceelafayette.fr\/wp-content\/uploads\/2021\/02\/representation-Electrotechnique-.png","type":"image\/png"}],"twitter_card":"summary_large_image","twitter_misc":{"Dur\u00e9e de lecture estim\u00e9e":"3 minutes"},"schema":{"@context":"https:\/\/schema.org","@graph":[{"@type":"WebPage","@id":"https:\/\/www.lyceelafayette.fr\/index.php\/formations\/melec-metiers-de-lelectricite\/","url":"https:\/\/www.lyceelafayette.fr\/index.php\/formations\/melec-metiers-de-lelectricite\/","name":"M\u00c9TIERS DE L\u2019\u00c9LECTRICIT\u00c9 - Lyc\u00e9e La Fayette","isPartOf":{"@id":"https:\/\/www.lyceelafayette.fr\/#website"},"primaryImageOfPage":{"@id":"https:\/\/www.lyceelafayette.fr\/index.php\/formations\/melec-metiers-de-lelectricite\/#primaryimage"},"image":{"@id":"https:\/\/www.lyceelafayette.fr\/index.php\/formations\/melec-metiers-de-lelectricite\/#primaryimage"},"thumbnailUrl":"https:\/\/www.lyceelafayette.fr\/wp-content\/uploads\/2021\/02\/representation-Electrotechnique--1024x648.png","datePublished":"2019-01-11T13:09:05+00:00","dateModified":"2026-04-16T12:50:45+00:00","description":"M\u00e9tiers de l'Electrotechnique au Lyc\u00e9e LA FAYETTE","breadcrumb":{"@id":"https:\/\/www.lyceelafayette.fr\/index.php\/formations\/melec-metiers-de-lelectricite\/#breadcrumb"},"inLanguage":"fr-FR","potentialAction":[{"@type":"ReadAction","target":["https:\/\/www.lyceelafayette.fr\/index.php\/formations\/melec-metiers-de-lelectricite\/"]}]},{"@type":"ImageObject","inLanguage":"fr-FR","@id":"https:\/\/www.lyceelafayette.fr\/index.php\/formations\/melec-metiers-de-lelectricite\/#primaryimage","url":"https:\/\/www.lyceelafayette.fr\/wp-content\/uploads\/2021\/02\/representation-Electrotechnique-.png","contentUrl":"https:\/\/www.lyceelafayette.fr\/wp-content\/uploads\/2021\/02\/representation-Electrotechnique-.png","width":1028,"height":651},{"@type":"BreadcrumbList","@id":"https:\/\/www.lyceelafayette.fr\/index.php\/formations\/melec-metiers-de-lelectricite\/#breadcrumb","itemListElement":[{"@type":"ListItem","position":1,"name":"Accueil","item":"https:\/\/www.lyceelafayette.fr\/"},{"@type":"ListItem","position":2,"name":"Nos formations g\u00e9n\u00e9rales","item":"https:\/\/www.lyceelafayette.fr\/index.php\/formations\/"},{"@type":"ListItem","position":3,"name":"M\u00c9TIERS DE L\u2019\u00c9LECTRICIT\u00c9"}]},{"@type":"WebSite","@id":"https:\/\/www.lyceelafayette.fr\/#website","url":"https:\/\/www.lyceelafayette.fr\/","name":"Lyc\u00e9e La Fayette","description":"","publisher":{"@id":"https:\/\/www.lyceelafayette.fr\/#organization"},"potentialAction":[{"@type":"SearchAction","target":{"@type":"EntryPoint","urlTemplate":"https:\/\/www.lyceelafayette.fr\/?s={search_term_string}"},"query-input":{"@type":"PropertyValueSpecification","valueRequired":true,"valueName":"search_term_string"}}],"inLanguage":"fr-FR"},{"@type":"Organization","@id":"https:\/\/www.lyceelafayette.fr\/#organization","name":"Lyc\u00e9e La Fayette","url":"https:\/\/www.lyceelafayette.fr\/","logo":{"@type":"ImageObject","inLanguage":"fr-FR","@id":"https:\/\/www.lyceelafayette.fr\/#\/schema\/logo\/image\/","url":"https:\/\/www.lyceelafayette.fr\/wp-content\/uploads\/2019\/06\/llf_logo_alpha.png","contentUrl":"https:\/\/www.lyceelafayette.fr\/wp-content\/uploads\/2019\/06\/llf_logo_alpha.png","width":1583,"height":792,"caption":"Lyc\u00e9e La Fayette"},"image":{"@id":"https:\/\/www.lyceelafayette.fr\/#\/schema\/logo\/image\/"},"sameAs":["https:\/\/www.youtube.com\/channel\/UC2AOQowoMGBKdY4ToZsf9mw"]}]}},"_links":{"self":[{"href":"https:\/\/www.lyceelafayette.fr\/index.php\/wp-json\/wp\/v2\/pages\/243","targetHints":{"allow":["GET"]}}],"collection":[{"href":"https:\/\/www.lyceelafayette.fr\/index.php\/wp-json\/wp\/v2\/pages"}],"about":[{"href":"https:\/\/www.lyceelafayette.fr\/index.php\/wp-json\/wp\/v2\/types\/page"}],"author":[{"embeddable":true,"href":"https:\/\/www.lyceelafayette.fr\/index.php\/wp-json\/wp\/v2\/users\/1"}],"replies":[{"embeddable":true,"href":"https:\/\/www.lyceelafayette.fr\/index.php\/wp-json\/wp\/v2\/comments?post=243"}],"version-history":[{"count":73,"href":"https:\/\/www.lyceelafayette.fr\/index.php\/wp-json\/wp\/v2\/pages\/243\/revisions"}],"predecessor-version":[{"id":7471,"href":"https:\/\/www.lyceelafayette.fr\/index.php\/wp-json\/wp\/v2\/pages\/243\/revisions\/7471"}],"up":[{"embeddable":true,"href":"https:\/\/www.lyceelafayette.fr\/index.php\/wp-json\/wp\/v2\/pages\/266"}],"wp:attachment":[{"href":"https:\/\/www.lyceelafayette.fr\/index.php\/wp-json\/wp\/v2\/media?parent=243"}],"curies":[{"name":"wp","href":"https:\/\/api.w.org\/{rel}","templated":true}]}}