{"id":2225,"date":"2019-12-06T10:52:49","date_gmt":"2019-12-06T09:52:49","guid":{"rendered":"https:\/\/www.lyceelafayette.fr\/?page_id=2225"},"modified":"2021-02-04T16:50:59","modified_gmt":"2021-02-04T15:50:59","slug":"inscription-prepa","status":"publish","type":"page","link":"https:\/\/www.lyceelafayette.fr\/index.php\/inscription-prepa\/","title":{"rendered":"Inscription Prepa"},"content":{"rendered":"\n<p>Vous devez \u00eatre bachelier de la fili\u00e8re scientifique.<\/p>\n\n\n\n<p>\u25ba\u00a0<strong><u>la proc\u00e9dure parcoursup<\/u><\/strong>\u00a0 sur le site <a href=\"http:\/\/www.parcoursup.fr\">www.parcoursup.fr<\/a>\u00a0pour les \u00e9tudiants en cours de l\u2019ann\u00e9e de terminale ou les \u00e9tudiants.<\/p>\n\n\n\n<p>&nbsp;La proc\u00e9dure est ouverte d\u00e8s le 20 janvier.&nbsp;<strong>Les v\u0153ux sont \u00e0 saisir absolument avant le 11 mars.<\/strong><\/p>\n\n\n\n<p>Tous les v\u0153ux sont \u00e9tudi\u00e9s par les formations et auront une r\u00e9ponse, il ne faut donc pas h\u00e9siter \u00e0 s&rsquo;inscrire sur parcoursup quitte \u00e0 refuser une formation plus tard dans la proc\u00e9dure.<\/p>\n\n\n\n<p>Il est \u00e0 noter que pour les CPGE plusieurs v\u0153ux dans une m\u00eame fili\u00e8re ne compte que pour un seul. On parle de sous-voeux.<\/p>\n\n\n\n<p>Ainsi un \u00e9tudiant peut demander par exemple 2 lyc\u00e9es diff\u00e9rents en PTSI, 2 autres lyc\u00e9es diff\u00e9rents en PCSI et 2 autres lyc\u00e9es diff\u00e9rents en MPSI, du point de vu de parcoursup, cela ne comptera que pour 3 v\u0153ux sur les 10 possibles.<\/p>\n\n\n\n<p>Pour obtenir des renseignements concernant les&nbsp;CPGE&nbsp;ainsi qu\u2019une tr\u00e8s grande diversit\u00e9 de documents destin\u00e9s \u00e0 leurs \u00e9tudiants&nbsp;:<\/p>\n\n\n\n<p><a href=\"http:\/\/www.prepas.org\">www.prepas.org\u00a0<\/a><\/p>\n\n\n\n<p>Pour plus de pr\u00e9cisions sur le d\u00e9roulement du concours et sur les \u00e9coles recrutant dans la fili\u00e8re&nbsp;PT&nbsp;:<\/p>\n\n\n\n<p><a href=\"http:\/\/www.banquept.fr\/\"><u>www.banquept.fr<\/u><\/a>&nbsp;<\/p>\n\n\n\n<p>Pour avoir des informations sur les statistiques nationales&nbsp;:<\/p>\n\n\n\n<p><a href=\"http:\/\/www.scei-concours.fr\">www.scei-concours.fr<\/a><\/p>\n\n\n\n<p>&nbsp;Pour obtenir plus d\u2019informations sur les&nbsp;Sciences Industrielles, vous pouvez consulter le site de l\u2019Union des Professeurs de Sciences et Techniques Industrielles&nbsp;:<\/p>\n\n\n\n<p><a href=\"http:\/\/www.upsti.fr\">www.upsti.fr<\/a><\/p>\n","protected":false},"excerpt":{"rendered":"<p>Vous devez \u00eatre bachelier de la fili\u00e8re scientifique. \u25ba\u00a0la proc\u00e9dure parcoursup\u00a0 sur le site www.parcoursup.fr\u00a0pour les \u00e9tudiants en cours de l\u2019ann\u00e9e de terminale ou les \u00e9tudiants. &nbsp;La proc\u00e9dure est ouverte d\u00e8s le 20 janvier.&nbsp;Les v\u0153ux sont \u00e0 saisir absolument avant le 11 mars. Tous les v\u0153ux sont \u00e9tudi\u00e9s par les&#8230; <a class=\"continue-reading-link\" href=\"https:\/\/www.lyceelafayette.fr\/index.php\/inscription-prepa\/\">lire la suite<\/a><\/p>\n","protected":false},"author":8,"featured_media":0,"parent":0,"menu_order":0,"comment_status":"closed","ping_status":"closed","template":"","meta":{"footnotes":""},"class_list":["post-2225","page","type-page","status-publish","hentry"],"yoast_head":"<!-- This site is optimized with the Yoast SEO plugin v27.5 - https:\/\/yoast.com\/product\/yoast-seo-wordpress\/ -->\n<title>Inscription Prepa - Lyc\u00e9e La Fayette<\/title>\n<meta name=\"robots\" content=\"index, follow, max-snippet:-1, max-image-preview:large, max-video-preview:-1\" \/>\n<link rel=\"canonical\" href=\"https:\/\/www.lyceelafayette.fr\/index.php\/inscription-prepa\/\" \/>\n<meta property=\"og:locale\" content=\"fr_FR\" \/>\n<meta property=\"og:type\" content=\"article\" \/>\n<meta property=\"og:title\" content=\"Inscription Prepa - Lyc\u00e9e La Fayette\" \/>\n<meta property=\"og:description\" content=\"Vous devez \u00eatre bachelier de la fili\u00e8re scientifique. \u25ba\u00a0la proc\u00e9dure parcoursup\u00a0 sur le site www.parcoursup.fr\u00a0pour les \u00e9tudiants en cours de l\u2019ann\u00e9e de terminale ou les \u00e9tudiants. &nbsp;La proc\u00e9dure est ouverte d\u00e8s le 20 janvier.&nbsp;Les v\u0153ux sont \u00e0 saisir absolument avant le 11 mars. Tous les v\u0153ux sont \u00e9tudi\u00e9s par les... lire la suite\" \/>\n<meta property=\"og:url\" content=\"https:\/\/www.lyceelafayette.fr\/index.php\/inscription-prepa\/\" \/>\n<meta property=\"og:site_name\" content=\"Lyc\u00e9e La Fayette\" \/>\n<meta property=\"article:modified_time\" content=\"2021-02-04T15:50:59+00:00\" \/>\n<meta name=\"twitter:card\" content=\"summary_large_image\" \/>\n<meta name=\"twitter:label1\" content=\"Dur\u00e9e de lecture estim\u00e9e\" \/>\n\t<meta name=\"twitter:data1\" content=\"1 minute\" \/>\n<script type=\"application\/ld+json\" class=\"yoast-schema-graph\">{\"@context\":\"https:\\\/\\\/schema.org\",\"@graph\":[{\"@type\":\"WebPage\",\"@id\":\"https:\\\/\\\/www.lyceelafayette.fr\\\/index.php\\\/inscription-prepa\\\/\",\"url\":\"https:\\\/\\\/www.lyceelafayette.fr\\\/index.php\\\/inscription-prepa\\\/\",\"name\":\"Inscription Prepa - Lyc\u00e9e La Fayette\",\"isPartOf\":{\"@id\":\"https:\\\/\\\/www.lyceelafayette.fr\\\/#website\"},\"datePublished\":\"2019-12-06T09:52:49+00:00\",\"dateModified\":\"2021-02-04T15:50:59+00:00\",\"breadcrumb\":{\"@id\":\"https:\\\/\\\/www.lyceelafayette.fr\\\/index.php\\\/inscription-prepa\\\/#breadcrumb\"},\"inLanguage\":\"fr-FR\",\"potentialAction\":[{\"@type\":\"ReadAction\",\"target\":[\"https:\\\/\\\/www.lyceelafayette.fr\\\/index.php\\\/inscription-prepa\\\/\"]}]},{\"@type\":\"BreadcrumbList\",\"@id\":\"https:\\\/\\\/www.lyceelafayette.fr\\\/index.php\\\/inscription-prepa\\\/#breadcrumb\",\"itemListElement\":[{\"@type\":\"ListItem\",\"position\":1,\"name\":\"Accueil\",\"item\":\"https:\\\/\\\/www.lyceelafayette.fr\\\/\"},{\"@type\":\"ListItem\",\"position\":2,\"name\":\"Inscription Prepa\"}]},{\"@type\":\"WebSite\",\"@id\":\"https:\\\/\\\/www.lyceelafayette.fr\\\/#website\",\"url\":\"https:\\\/\\\/www.lyceelafayette.fr\\\/\",\"name\":\"Lyc\u00e9e La Fayette\",\"description\":\"\",\"publisher\":{\"@id\":\"https:\\\/\\\/www.lyceelafayette.fr\\\/#organization\"},\"potentialAction\":[{\"@type\":\"SearchAction\",\"target\":{\"@type\":\"EntryPoint\",\"urlTemplate\":\"https:\\\/\\\/www.lyceelafayette.fr\\\/?s={search_term_string}\"},\"query-input\":{\"@type\":\"PropertyValueSpecification\",\"valueRequired\":true,\"valueName\":\"search_term_string\"}}],\"inLanguage\":\"fr-FR\"},{\"@type\":\"Organization\",\"@id\":\"https:\\\/\\\/www.lyceelafayette.fr\\\/#organization\",\"name\":\"Lyc\u00e9e La Fayette\",\"url\":\"https:\\\/\\\/www.lyceelafayette.fr\\\/\",\"logo\":{\"@type\":\"ImageObject\",\"inLanguage\":\"fr-FR\",\"@id\":\"https:\\\/\\\/www.lyceelafayette.fr\\\/#\\\/schema\\\/logo\\\/image\\\/\",\"url\":\"https:\\\/\\\/www.lyceelafayette.fr\\\/wp-content\\\/uploads\\\/2019\\\/06\\\/llf_logo_alpha.png\",\"contentUrl\":\"https:\\\/\\\/www.lyceelafayette.fr\\\/wp-content\\\/uploads\\\/2019\\\/06\\\/llf_logo_alpha.png\",\"width\":1583,\"height\":792,\"caption\":\"Lyc\u00e9e La Fayette\"},\"image\":{\"@id\":\"https:\\\/\\\/www.lyceelafayette.fr\\\/#\\\/schema\\\/logo\\\/image\\\/\"},\"sameAs\":[\"https:\\\/\\\/www.youtube.com\\\/channel\\\/UC2AOQowoMGBKdY4ToZsf9mw\"]}]}<\/script>\n<!-- \/ Yoast SEO plugin. -->","yoast_head_json":{"title":"Inscription Prepa - Lyc\u00e9e La Fayette","robots":{"index":"index","follow":"follow","max-snippet":"max-snippet:-1","max-image-preview":"max-image-preview:large","max-video-preview":"max-video-preview:-1"},"canonical":"https:\/\/www.lyceelafayette.fr\/index.php\/inscription-prepa\/","og_locale":"fr_FR","og_type":"article","og_title":"Inscription Prepa - Lyc\u00e9e La Fayette","og_description":"Vous devez \u00eatre bachelier de la fili\u00e8re scientifique. \u25ba\u00a0la proc\u00e9dure parcoursup\u00a0 sur le site www.parcoursup.fr\u00a0pour les \u00e9tudiants en cours de l\u2019ann\u00e9e de terminale ou les \u00e9tudiants. &nbsp;La proc\u00e9dure est ouverte d\u00e8s le 20 janvier.&nbsp;Les v\u0153ux sont \u00e0 saisir absolument avant le 11 mars. Tous les v\u0153ux sont \u00e9tudi\u00e9s par les... lire la suite","og_url":"https:\/\/www.lyceelafayette.fr\/index.php\/inscription-prepa\/","og_site_name":"Lyc\u00e9e La Fayette","article_modified_time":"2021-02-04T15:50:59+00:00","twitter_card":"summary_large_image","twitter_misc":{"Dur\u00e9e de lecture estim\u00e9e":"1 minute"},"schema":{"@context":"https:\/\/schema.org","@graph":[{"@type":"WebPage","@id":"https:\/\/www.lyceelafayette.fr\/index.php\/inscription-prepa\/","url":"https:\/\/www.lyceelafayette.fr\/index.php\/inscription-prepa\/","name":"Inscription Prepa - Lyc\u00e9e La Fayette","isPartOf":{"@id":"https:\/\/www.lyceelafayette.fr\/#website"},"datePublished":"2019-12-06T09:52:49+00:00","dateModified":"2021-02-04T15:50:59+00:00","breadcrumb":{"@id":"https:\/\/www.lyceelafayette.fr\/index.php\/inscription-prepa\/#breadcrumb"},"inLanguage":"fr-FR","potentialAction":[{"@type":"ReadAction","target":["https:\/\/www.lyceelafayette.fr\/index.php\/inscription-prepa\/"]}]},{"@type":"BreadcrumbList","@id":"https:\/\/www.lyceelafayette.fr\/index.php\/inscription-prepa\/#breadcrumb","itemListElement":[{"@type":"ListItem","position":1,"name":"Accueil","item":"https:\/\/www.lyceelafayette.fr\/"},{"@type":"ListItem","position":2,"name":"Inscription Prepa"}]},{"@type":"WebSite","@id":"https:\/\/www.lyceelafayette.fr\/#website","url":"https:\/\/www.lyceelafayette.fr\/","name":"Lyc\u00e9e La Fayette","description":"","publisher":{"@id":"https:\/\/www.lyceelafayette.fr\/#organization"},"potentialAction":[{"@type":"SearchAction","target":{"@type":"EntryPoint","urlTemplate":"https:\/\/www.lyceelafayette.fr\/?s={search_term_string}"},"query-input":{"@type":"PropertyValueSpecification","valueRequired":true,"valueName":"search_term_string"}}],"inLanguage":"fr-FR"},{"@type":"Organization","@id":"https:\/\/www.lyceelafayette.fr\/#organization","name":"Lyc\u00e9e La Fayette","url":"https:\/\/www.lyceelafayette.fr\/","logo":{"@type":"ImageObject","inLanguage":"fr-FR","@id":"https:\/\/www.lyceelafayette.fr\/#\/schema\/logo\/image\/","url":"https:\/\/www.lyceelafayette.fr\/wp-content\/uploads\/2019\/06\/llf_logo_alpha.png","contentUrl":"https:\/\/www.lyceelafayette.fr\/wp-content\/uploads\/2019\/06\/llf_logo_alpha.png","width":1583,"height":792,"caption":"Lyc\u00e9e La Fayette"},"image":{"@id":"https:\/\/www.lyceelafayette.fr\/#\/schema\/logo\/image\/"},"sameAs":["https:\/\/www.youtube.com\/channel\/UC2AOQowoMGBKdY4ToZsf9mw"]}]}},"_links":{"self":[{"href":"https:\/\/www.lyceelafayette.fr\/index.php\/wp-json\/wp\/v2\/pages\/2225","targetHints":{"allow":["GET"]}}],"collection":[{"href":"https:\/\/www.lyceelafayette.fr\/index.php\/wp-json\/wp\/v2\/pages"}],"about":[{"href":"https:\/\/www.lyceelafayette.fr\/index.php\/wp-json\/wp\/v2\/types\/page"}],"author":[{"embeddable":true,"href":"https:\/\/www.lyceelafayette.fr\/index.php\/wp-json\/wp\/v2\/users\/8"}],"replies":[{"embeddable":true,"href":"https:\/\/www.lyceelafayette.fr\/index.php\/wp-json\/wp\/v2\/comments?post=2225"}],"version-history":[{"count":3,"href":"https:\/\/www.lyceelafayette.fr\/index.php\/wp-json\/wp\/v2\/pages\/2225\/revisions"}],"predecessor-version":[{"id":3934,"href":"https:\/\/www.lyceelafayette.fr\/index.php\/wp-json\/wp\/v2\/pages\/2225\/revisions\/3934"}],"wp:attachment":[{"href":"https:\/\/www.lyceelafayette.fr\/index.php\/wp-json\/wp\/v2\/media?parent=2225"}],"curies":[{"name":"wp","href":"https:\/\/api.w.org\/{rel}","templated":true}]}}

<p>Vous devez être bachelier de la filière scientifique.</p>



<p>► <strong><u>la procédure parcoursup</u></strong>  sur le site <a href="http://www.parcoursup.fr">www.parcoursup.fr</a> pour les étudiants en cours de l’année de terminale ou les étudiants.</p>



<p>&nbsp;La procédure est ouverte dès le 20 janvier.&nbsp;<strong>Les vœux sont à saisir absolument avant le 11 mars.</strong></p>



<p>Tous les vœux sont étudiés par les formations et auront une réponse, il ne faut donc pas hésiter à s&rsquo;inscrire sur parcoursup quitte à refuser une formation plus tard dans la procédure.</p>



<p>Il est à noter que pour les CPGE plusieurs vœux dans une même filière ne compte que pour un seul. On parle de sous-voeux.</p>



<p>Ainsi un étudiant peut demander par exemple 2 lycées différents en PTSI, 2 autres lycées différents en PCSI et 2 autres lycées différents en MPSI, du point de vu de parcoursup, cela ne comptera que pour 3 vœux sur les 10 possibles.</p>



<p>Pour obtenir des renseignements concernant les&nbsp;CPGE&nbsp;ainsi qu’une très grande diversité de documents destinés à leurs étudiants&nbsp;:</p>



<p><a href="http://www.prepas.org">www.prepas.org </a></p>



<p>Pour plus de précisions sur le déroulement du concours et sur les écoles recrutant dans la filière&nbsp;PT&nbsp;:</p>



<p><a href="http://www.banquept.fr/"><u>www.banquept.fr</u></a>&nbsp;</p>



<p>Pour avoir des informations sur les statistiques nationales&nbsp;:</p>



<p><a href="http://www.scei-concours.fr">www.scei-concours.fr</a></p>



<p>&nbsp;Pour obtenir plus d’informations sur les&nbsp;Sciences Industrielles, vous pouvez consulter le site de l’Union des Professeurs de Sciences et Techniques Industrielles&nbsp;:</p>



<p><a href="http://www.upsti.fr">www.upsti.fr</a></p>

<p>Vous devez être bachelier de la filière scientifique. ► la procédure parcoursup  sur le site www.parcoursup.fr pour les étudiants en cours de l’année de terminale ou les étudiants. &nbsp;La procédure est ouverte dès le 20 janvier.&nbsp;Les vœux sont à saisir absolument avant le 11 mars. Tous les vœux sont étudiés par les&#8230; <a class="continue-reading-link" href="https://www.lyceelafayette.fr/index.php/inscription-prepa/">lire la suite</a></p>

<!-- This site is optimized with the Yoast SEO plugin v27.5 - https://yoast.com/product/yoast-seo-wordpress/ -->
<title>Inscription Prepa - Lycée La Fayette</title>
<meta name="robots" content="index, follow, max-snippet:-1, max-image-preview:large, max-video-preview:-1" />
<link rel="canonical" href="https://www.lyceelafayette.fr/index.php/inscription-prepa/" />
<meta property="og:locale" content="fr_FR" />
<meta property="og:type" content="article" />
<meta property="og:title" content="Inscription Prepa - Lycée La Fayette" />
<meta property="og:description" content="Vous devez être bachelier de la filière scientifique. ► la procédure parcoursup  sur le site www.parcoursup.fr pour les étudiants en cours de l’année de terminale ou les étudiants. &nbsp;La procédure est ouverte dès le 20 janvier.&nbsp;Les vœux sont à saisir absolument avant le 11 mars. Tous les vœux sont étudiés par les... lire la suite" />
<meta property="og:url" content="https://www.lyceelafayette.fr/index.php/inscription-prepa/" />
<meta property="og:site_name" content="Lycée La Fayette" />
<meta property="article:modified_time" content="2021-02-04T15:50:59+00:00" />
<meta name="twitter:card" content="summary_large_image" />
<meta name="twitter:label1" content="Durée de lecture estimée" />
	<meta name="twitter:data1" content="1 minute" />
<script type="application/ld+json" class="yoast-schema-graph">{"@context":"https:\/\/schema.org","@graph":[{"@type":"WebPage","@id":"https:\/\/www.lyceelafayette.fr\/index.php\/inscription-prepa\/","url":"https:\/\/www.lyceelafayette.fr\/index.php\/inscription-prepa\/","name":"Inscription Prepa - Lycée La Fayette","isPartOf":{"@id":"https:\/\/www.lyceelafayette.fr\/#website"},"datePublished":"2019-12-06T09:52:49+00:00","dateModified":"2021-02-04T15:50:59+00:00","breadcrumb":{"@id":"https:\/\/www.lyceelafayette.fr\/index.php\/inscription-prepa\/#breadcrumb"},"inLanguage":"fr-FR","potentialAction":[{"@type":"ReadAction","target":["https:\/\/www.lyceelafayette.fr\/index.php\/inscription-prepa\/"]}]},{"@type":"BreadcrumbList","@id":"https:\/\/www.lyceelafayette.fr\/index.php\/inscription-prepa\/#breadcrumb","itemListElement":[{"@type":"ListItem","position":1,"name":"Accueil","item":"https:\/\/www.lyceelafayette.fr\/"},{"@type":"ListItem","position":2,"name":"Inscription Prepa"}]},{"@type":"WebSite","@id":"https:\/\/www.lyceelafayette.fr\/#website","url":"https:\/\/www.lyceelafayette.fr\/","name":"Lycée La Fayette","description":"","publisher":{"@id":"https:\/\/www.lyceelafayette.fr\/#organization"},"potentialAction":[{"@type":"SearchAction","target":{"@type":"EntryPoint","urlTemplate":"https:\/\/www.lyceelafayette.fr\/?s={search_term_string}"},"query-input":{"@type":"PropertyValueSpecification","valueRequired":true,"valueName":"search_term_string"}}],"inLanguage":"fr-FR"},{"@type":"Organization","@id":"https:\/\/www.lyceelafayette.fr\/#organization","name":"Lycée La Fayette","url":"https:\/\/www.lyceelafayette.fr\/","logo":{"@type":"ImageObject","inLanguage":"fr-FR","@id":"https:\/\/www.lyceelafayette.fr\/#\/schema\/logo\/image\/","url":"https:\/\/www.lyceelafayette.fr\/wp-content\/uploads\/2019\/06\/llf_logo_alpha.png","contentUrl":"https:\/\/www.lyceelafayette.fr\/wp-content\/uploads\/2019\/06\/llf_logo_alpha.png","width":1583,"height":792,"caption":"Lycée La Fayette"},"image":{"@id":"https:\/\/www.lyceelafayette.fr\/#\/schema\/logo\/image\/"},"sameAs":["https:\/\/www.youtube.com\/channel\/UC2AOQowoMGBKdY4ToZsf9mw"]}]}</script>
<!-- / Yoast SEO plugin. -->

Inscription Prepa - Lycée La Fayette

Vous devez être bachelier de la filière scientifique. ► la procédure parcoursup  sur le site www.parcoursup.fr pour les étudiants en cours de l’année de terminale ou les étudiants. &nbsp;La procédure est ouverte dès le 20 janvier.&nbsp;Les vœux sont à saisir absolument avant le 11 mars. Tous les vœux sont étudiés par les... lire la suite

Lycée La Fayette
