{"version":"1.0","provider_name":"Lyc\u00e9e La Fayette","provider_url":"https:\/\/www.lyceelafayette.fr","title":"Comm\u00e9moration - Lyc\u00e9e La Fayette","type":"rich","width":600,"height":338,"html":"<blockquote class=\"wp-embedded-content\" data-secret=\"Eo2fozi0OE\"><a href=\"https:\/\/www.lyceelafayette.fr\/index.php\/2024\/05\/18\/commemoration\/\">Comm\u00e9moration<\/a><\/blockquote><iframe sandbox=\"allow-scripts\" security=\"restricted\" src=\"https:\/\/www.lyceelafayette.fr\/index.php\/2024\/05\/18\/commemoration\/embed\/#?secret=Eo2fozi0OE\" width=\"600\" height=\"338\" title=\"\u00ab\u00a0Comm\u00e9moration\u00a0\u00bb &#8212; Lyc\u00e9e La Fayette\" data-secret=\"Eo2fozi0OE\" frameborder=\"0\" marginwidth=\"0\" marginheight=\"0\" scrolling=\"no\" class=\"wp-embedded-content\"><\/iframe><script type=\"text\/javascript\">\n\/* <![CDATA[ *\/\n\/*! This file is auto-generated *\/\n!function(d,l){\"use strict\";l.querySelector&&d.addEventListener&&\"undefined\"!=typeof URL&&(d.wp=d.wp||{},d.wp.receiveEmbedMessage||(d.wp.receiveEmbedMessage=function(e){var t=e.data;if((t||t.secret||t.message||t.value)&&!\/[^a-zA-Z0-9]\/.test(t.secret)){for(var s,r,n,a=l.querySelectorAll('iframe[data-secret=\"'+t.secret+'\"]'),o=l.querySelectorAll('blockquote[data-secret=\"'+t.secret+'\"]'),c=new RegExp(\"^https?:$\",\"i\"),i=0;i<o.length;i++)o[i].style.display=\"none\";for(i=0;i<a.length;i++)s=a[i],e.source===s.contentWindow&&(s.removeAttribute(\"style\"),\"height\"===t.message?(1e3<(r=parseInt(t.value,10))?r=1e3:~~r<200&&(r=200),s.height=r):\"link\"===t.message&&(r=new URL(s.getAttribute(\"src\")),n=new URL(t.value),c.test(n.protocol))&&n.host===r.host&&l.activeElement===s&&(d.top.location.href=t.value))}},d.addEventListener(\"message\",d.wp.receiveEmbedMessage,!1),l.addEventListener(\"DOMContentLoaded\",function(){for(var e,t,s=l.querySelectorAll(\"iframe.wp-embedded-content\"),r=0;r<s.length;r++)(t=(e=s[r]).getAttribute(\"data-secret\"))||(t=Math.random().toString(36).substring(2,12),e.src+=\"#?secret=\"+t,e.setAttribute(\"data-secret\",t)),e.contentWindow.postMessage({message:\"ready\",secret:t},\"*\")},!1)))}(window,document);\n\/\/# sourceURL=https:\/\/www.lyceelafayette.fr\/wp-includes\/js\/wp-embed.min.js\n\/* ]]> *\/\n<\/script>\n","thumbnail_url":"https:\/\/www.lyceelafayette.fr\/wp-content\/uploads\/2024\/05\/IMG_9367.jpeg","thumbnail_width":1170,"thumbnail_height":653,"description":"Les producticiens de la Fayette comm\u00e9morent les 80 ans du d\u00e9barquement de Normandie Dans le cadre du projet de m\u00e9moire du d\u00e9barquement des forces alli\u00e9es en Normandie et en pr\u00e9paration du 80eme anniversaire du d\u00e9barquement, les \u00e9l\u00e8ves de la fili\u00e8re productique du lyc\u00e9e La Fayette se sont rendus en Normandie... lire la suite"}

Lycée La Fayette

Commémoration - Lycée La Fayette

<blockquote class="wp-embedded-content" data-secret="Eo2fozi0OE"><a href="https://www.lyceelafayette.fr/index.php/2024/05/18/commemoration/">Commémoration</a></blockquote><iframe sandbox="allow-scripts" security="restricted" src="https://www.lyceelafayette.fr/index.php/2024/05/18/commemoration/embed/#?secret=Eo2fozi0OE" width="600" height="338" title="« Commémoration » &#8212; Lycée La Fayette" data-secret="Eo2fozi0OE" frameborder="0" marginwidth="0" marginheight="0" scrolling="no" class="wp-embedded-content"></iframe><script type="text/javascript">
/* <![CDATA[ */
/*! This file is auto-generated */
!function(d,l){"use strict";l.querySelector&&d.addEventListener&&"undefined"!=typeof URL&&(d.wp=d.wp||{},d.wp.receiveEmbedMessage||(d.wp.receiveEmbedMessage=function(e){var t=e.data;if((t||t.secret||t.message||t.value)&&!/[^a-zA-Z0-9]/.test(t.secret)){for(var s,r,n,a=l.querySelectorAll('iframe[data-secret="'+t.secret+'"]'),o=l.querySelectorAll('blockquote[data-secret="'+t.secret+'"]'),c=new RegExp("^https?:$","i"),i=0;i<o.length;i++)o[i].style.display="none";for(i=0;i<a.length;i++)s=a[i],e.source===s.contentWindow&&(s.removeAttribute("style"),"height"===t.message?(1e3<(r=parseInt(t.value,10))?r=1e3:~~r<200&&(r=200),s.height=r):"link"===t.message&&(r=new URL(s.getAttribute("src")),n=new URL(t.value),c.test(n.protocol))&&n.host===r.host&&l.activeElement===s&&(d.top.location.href=t.value))}},d.addEventListener("message",d.wp.receiveEmbedMessage,!1),l.addEventListener("DOMContentLoaded",function(){for(var e,t,s=l.querySelectorAll("iframe.wp-embedded-content"),r=0;r<s.length;r++)(t=(e=s[r]).getAttribute("data-secret"))||(t=Math.random().toString(36).substring(2,12),e.src+="#?secret="+t,e.setAttribute("data-secret",t)),e.contentWindow.postMessage({message:"ready",secret:t},"*")},!1)))}(window,document);
//# sourceURL=https://www.lyceelafayette.fr/wp-includes/js/wp-embed.min.js
/* ]]> */
</script>

Les producticiens de la Fayette commémorent les 80 ans du débarquement de Normandie Dans le cadre du projet de mémoire du débarquement des forces alliées en Normandie et en préparation du 80eme anniversaire du débarquement, les élèves de la filière productique du lycée La Fayette se sont rendus en Normandie... lire la suite
